Last updated on 2025-01-22 18:50:23 CET.
Flavor | Version | Tinstall | Tcheck | Ttotal | Status | Flags |
---|---|---|---|---|---|---|
r-devel-linux-x86_64-debian-clang | 0.5 | 6.91 | 79.37 | 86.28 | NOTE | |
r-devel-linux-x86_64-debian-gcc | 0.5 | 5.34 | 56.07 | 61.41 | NOTE | |
r-devel-linux-x86_64-fedora-clang | 0.5 | 133.92 | OK | |||
r-devel-linux-x86_64-fedora-gcc | 0.5 | 130.24 | OK | |||
r-devel-windows-x86_64 | 0.5 | 8.00 | 88.00 | 96.00 | NOTE | |
r-patched-linux-x86_64 | 0.5 | 11.04 | 72.36 | 83.40 | OK | |
r-release-linux-x86_64 | 0.5 | 6.67 | 71.99 | 78.66 | OK | |
r-release-macos-arm64 | 0.5 | 42.00 | OK | |||
r-release-macos-x86_64 | 0.5 | 65.00 | OK | |||
r-release-windows-x86_64 | 0.5 | 9.00 | 88.00 | 97.00 | OK | |
r-oldrel-macos-arm64 | 0.5 | 47.00 | OK | |||
r-oldrel-macos-x86_64 | 0.5 | 75.00 | OK | |||
r-oldrel-windows-x86_64 | 0.5 | 10.00 | 108.00 | 118.00 | OK |
Version: 0.5
Check: Rd cross-references
Result: NOTE
Found the following Rd file(s) with Rd \link{} targets missing package
anchors:
fit.lasso.Rd: glmnet, cv.glmnet
Please provide package anchors for all Rd \link{} targets not in the
package itself and the base packages.
Flavors: r-devel-linux-x86_64-debian-clang, r-devel-linux-x86_64-debian-gcc, r-devel-windows-x86_64