Last updated on 2023-03-25 00:49:19 CET.
Flavor | Version | Tinstall | Tcheck | Ttotal | Status | Flags |
---|---|---|---|---|---|---|
r-devel-linux-x86_64-debian-clang | 1.0.0 | 531.90 | 58.87 | 590.77 | OK | |
r-devel-linux-x86_64-debian-gcc | 1.0.0 | 483.31 | 71.24 | 554.55 | OK | |
r-devel-linux-x86_64-fedora-clang | 1.0.0 | 854.58 | NOTE | |||
r-devel-linux-x86_64-fedora-gcc | 1.0.0 | 988.72 | OK | |||
r-devel-windows-x86_64 | 1.0.0 | 98.00 | 6.00 | 104.00 | ERROR | |
r-patched-linux-x86_64 | 1.0.0 | 435.18 | 90.78 | 525.96 | OK | |
r-release-linux-x86_64 | 1.0.0 | 474.09 | 88.66 | 562.75 | OK | |
r-release-macos-arm64 | 1.0.0 | 238.00 | NOTE | |||
r-release-macos-x86_64 | 1.0.0 | 258.00 | NOTE | |||
r-release-windows-x86_64 | 1.0.0 | 1237.00 | 155.00 | 1392.00 | OK | |
r-oldrel-macos-arm64 | 1.0.0 | 220.00 | NOTE | |||
r-oldrel-macos-x86_64 | 1.0.0 | 247.00 | NOTE | |||
r-oldrel-windows-ix86+x86_64 | 1.0.0 | 515.00 | 18.00 | 533.00 | ERROR |
Version: 1.0.0
Check: installed package size
Result: NOTE
installed size is 6.3Mb
sub-directories of 1Mb or more:
libs 6.1Mb
Flavors: r-devel-linux-x86_64-fedora-clang, r-release-macos-arm64, r-release-macos-x86_64, r-oldrel-macos-arm64, r-oldrel-macos-x86_64
Version: 1.0.0
Check: whether package can be installed
Result: ERROR
Installation failed.
Flavors: r-devel-windows-x86_64, r-oldrel-windows-ix86+x86_64