CRAN Package Check Results for Package MeTo

Last updated on 2021-06-23 02:50:57 CEST.

Flavor Version Tinstall Tcheck Ttotal Status Flags
r-devel-linux-x86_64-debian-clang 0.1.0 4.22 35.91 40.13 NOTE
r-devel-linux-x86_64-debian-gcc 0.1.0 3.55 28.14 31.69 NOTE
r-devel-linux-x86_64-fedora-clang 0.1.0 57.07 NOTE
r-devel-linux-x86_64-fedora-gcc 0.1.0 47.17 NOTE
r-devel-windows-x86_64 0.1.0 7.00 51.00 58.00 NOTE
r-devel-windows-x86_64-gcc10-UCRT 0.1.0 NOTE
r-patched-linux-x86_64 0.1.0 4.05 34.84 38.89 NOTE
r-patched-solaris-x86 0.1.0 67.00 NOTE
r-release-linux-x86_64 0.1.0 3.86 34.94 38.80 NOTE
r-release-macos-arm64 0.1.0 NOTE
r-release-macos-x86_64 0.1.0 NOTE
r-release-windows-ix86+x86_64 0.1.0 9.00 39.00 48.00 NOTE
r-oldrel-macos-x86_64 0.1.0 OK

Check Details

Version: 0.1.0
Check: LazyData
Result: NOTE
     'LazyData' is specified without a 'data' directory
Flavors: r-devel-linux-x86_64-debian-clang, r-devel-linux-x86_64-debian-gcc, r-devel-linux-x86_64-fedora-clang, r-devel-linux-x86_64-fedora-gcc, r-devel-windows-x86_64, r-devel-windows-x86_64-gcc10-UCRT, r-patched-linux-x86_64, r-patched-solaris-x86, r-release-linux-x86_64, r-release-macos-arm64, r-release-macos-x86_64, r-release-windows-ix86+x86_64