CRAN Package Check Results for Package Mcomp

Last updated on 2020-07-15 01:48:33 CEST.

Flavor Version Tinstall Tcheck Ttotal Status Flags
r-devel-linux-x86_64-debian-clang 2.8 8.45 57.90 66.35 OK
r-devel-linux-x86_64-debian-gcc 2.8 6.71 43.84 50.55 OK
r-devel-linux-x86_64-fedora-clang 2.8 88.55 OK
r-devel-linux-x86_64-fedora-gcc 2.8 82.47 OK
r-devel-windows-ix86+x86_64 2.8 29.00 113.00 142.00 OK
r-patched-linux-x86_64 2.8 9.17 55.85 65.02 OK
r-patched-solaris-x86 2.8 114.20 OK
r-release-linux-x86_64 2.8 7.11 57.39 64.50 OK
r-release-macos-x86_64 2.8 ERROR
r-release-windows-ix86+x86_64 2.8 25.00 102.00 127.00 OK
r-oldrel-macos-x86_64 2.8 OK
r-oldrel-windows-ix86+x86_64 2.8 20.00 97.00 117.00 OK

Check Details

Version: 2.8
Check: whether package can be installed
Result: ERROR
    Installation failed.
Flavor: r-release-macos-x86_64