CRAN Package Check Results for Package Mcomp

Last updated on 2020-09-22 06:47:32 CEST.

Flavor Version Tinstall Tcheck Ttotal Status Flags
r-devel-linux-x86_64-debian-clang 2.8 8.86 57.25 66.11 OK
r-devel-linux-x86_64-debian-gcc 2.8 0.55 1.87 2.42 ERROR
r-devel-linux-x86_64-fedora-clang 2.8 89.80 OK
r-devel-linux-x86_64-fedora-gcc 2.8 80.66 OK
r-devel-windows-ix86+x86_64 2.8 19.00 80.00 99.00 OK
r-patched-linux-x86_64 2.8 8.04 55.37 63.41 OK
r-patched-solaris-x86 2.8 118.20 OK
r-release-linux-x86_64 2.8 7.86 55.07 62.93 OK
r-release-macos-x86_64 2.8 OK
r-release-windows-ix86+x86_64 2.8 19.00 83.00 102.00 OK
r-oldrel-macos-x86_64 2.8 OK
r-oldrel-windows-ix86+x86_64 2.8 12.00 68.00 80.00 OK

Check Details

Version: 2.8
Check: whether package can be installed
Result: ERROR
    Installation failed.
Flavor: r-devel-linux-x86_64-debian-gcc