Last updated on 2023-12-08 16:54:13 CET.
Flavor | Version | Tinstall | Tcheck | Ttotal | Status | Flags |
---|---|---|---|---|---|---|
r-devel-linux-x86_64-debian-clang | 0.2.15 | 10.33 | 91.89 | 102.22 | OK | |
r-devel-linux-x86_64-debian-gcc | 0.2.15 | 7.48 | 67.91 | 75.39 | OK | |
r-devel-linux-x86_64-fedora-clang | 0.2.15 | 130.81 | NOTE | |||
r-devel-linux-x86_64-fedora-gcc | 0.2.15 | 136.15 | NOTE | |||
r-devel-windows-x86_64 | 0.2.15 | 10.00 | 110.00 | 120.00 | OK | |
r-patched-linux-x86_64 | 0.2.15 | 7.12 | 87.29 | 94.41 | OK | |
r-release-linux-x86_64 | 0.2.15 | 7.93 | 84.83 | 92.76 | OK | |
r-release-macos-arm64 | 0.2.15 | 52.00 | OK | |||
r-release-macos-x86_64 | 0.2.15 | 146.00 | OK | |||
r-release-windows-x86_64 | 0.2.15 | 13.00 | 124.00 | 137.00 | OK | |
r-oldrel-macos-arm64 | 0.2.15 | 51.00 | OK | |||
r-oldrel-macos-x86_64 | 0.2.15 | 66.00 | OK | |||
r-oldrel-windows-x86_64 | 0.2.15 | 13.00 | 131.00 | 144.00 | OK |
Version: 0.2.15
Check: data for non-ASCII characters
Result: NOTE
Note: found 1 marked UTF-8 string
Flavors: r-devel-linux-x86_64-fedora-clang, r-devel-linux-x86_64-fedora-gcc