Last updated on 2023-01-28 02:57:23 CET.
Flavor | Version | Tinstall | Tcheck | Ttotal | Status | Flags |
---|---|---|---|---|---|---|
r-devel-linux-x86_64-debian-clang | 0.8.1 | 5.52 | 95.76 | 101.28 | OK | |
r-devel-linux-x86_64-debian-gcc | 0.8.1 | 4.99 | 73.43 | 78.42 | OK | |
r-devel-linux-x86_64-fedora-clang | 0.8.1 | 133.52 | NOTE | |||
r-devel-linux-x86_64-fedora-gcc | 0.8.1 | 142.14 | NOTE | |||
r-devel-windows-x86_64 | 0.8.1 | 212.00 | 140.00 | 352.00 | OK | |
r-patched-linux-x86_64 | 0.8.1 | 6.77 | 92.10 | 98.87 | OK | |
r-release-linux-x86_64 | 0.8.1 | 3.98 | 94.21 | 98.19 | OK | |
r-release-macos-arm64 | 0.8.1 | 50.00 | NOTE | |||
r-release-macos-x86_64 | 0.8.1 | 61.00 | NOTE | |||
r-release-windows-x86_64 | 0.8.1 | 156.00 | 139.00 | 295.00 | OK | |
r-oldrel-macos-arm64 | 0.8.1 | 51.00 | NOTE | |||
r-oldrel-macos-x86_64 | 0.8.1 | 68.00 | NOTE | |||
r-oldrel-windows-ix86+x86_64 | 0.8.1 | 15.00 | 131.00 | 146.00 | OK |
Version: 0.8.1
Check: data for non-ASCII characters
Result: NOTE
Note: found 54 marked UTF-8 strings
Flavors: r-devel-linux-x86_64-fedora-clang, r-devel-linux-x86_64-fedora-gcc, r-release-macos-arm64, r-release-macos-x86_64, r-oldrel-macos-arm64, r-oldrel-macos-x86_64