Last updated on 2023-12-10 10:52:35 CET.
Flavor | Version | Tinstall | Tcheck | Ttotal | Status | Flags |
---|---|---|---|---|---|---|
r-devel-linux-x86_64-debian-clang | 0.2.0 | 38.67 | 368.65 | 407.32 | OK | |
r-devel-linux-x86_64-debian-gcc | 0.2.0 | 29.57 | 273.37 | 302.94 | OK | |
r-devel-linux-x86_64-fedora-clang | 0.2.0 | 495.46 | NOTE | |||
r-devel-linux-x86_64-fedora-gcc | 0.2.0 | 481.89 | NOTE | |||
r-devel-windows-x86_64 | 0.2.0 | 30.00 | 238.00 | 268.00 | OK | |
r-patched-linux-x86_64 | 0.2.0 | 30.43 | 355.06 | 385.49 | OK | |
r-release-linux-x86_64 | 0.2.0 | 23.70 | 346.34 | 370.04 | OK | |
r-release-macos-arm64 | 0.2.0 | 151.00 | OK | |||
r-release-macos-x86_64 | 0.2.0 | 219.00 | OK | |||
r-release-windows-x86_64 | 0.2.0 | 42.00 | 304.00 | 346.00 | OK | |
r-oldrel-macos-arm64 | 0.2.0 | 142.00 | NOTE | |||
r-oldrel-macos-x86_64 | 0.2.0 | 163.00 | NOTE | |||
r-oldrel-windows-x86_64 | 0.2.0 | 41.00 | 302.00 | 343.00 | OK |
Version: 0.2.0
Check: data for non-ASCII characters
Result: NOTE
Note: found 18 marked UTF-8 strings
Flavors: r-devel-linux-x86_64-fedora-clang, r-devel-linux-x86_64-fedora-gcc, r-oldrel-macos-arm64, r-oldrel-macos-x86_64