Last updated on 2023-12-10 22:56:03 CET.
Flavor | Version | Tinstall | Tcheck | Ttotal | Status | Flags |
---|---|---|---|---|---|---|
r-devel-linux-x86_64-debian-clang | 0.4.1 | 10.34 | 98.26 | 108.60 | OK | |
r-devel-linux-x86_64-debian-gcc | 0.4.1 | 8.98 | 72.11 | 81.09 | OK | |
r-devel-linux-x86_64-fedora-clang | 0.4.1 | 132.78 | NOTE | |||
r-devel-linux-x86_64-fedora-gcc | 0.4.1 | 135.67 | OK | |||
r-devel-windows-x86_64 | 0.4.1 | 11.00 | 94.00 | 105.00 | OK | |
r-patched-linux-x86_64 | 0.4.1 | 11.21 | 96.88 | 108.09 | OK | |
r-release-linux-x86_64 | 0.4.1 | 8.59 | 93.89 | 102.48 | OK | |
r-release-macos-arm64 | 0.4.1 | 55.00 | OK | |||
r-release-macos-x86_64 | 0.4.1 | 106.00 | OK | |||
r-release-windows-x86_64 | 0.4.1 | 15.00 | 110.00 | 125.00 | OK | |
r-oldrel-macos-arm64 | 0.4.1 | 61.00 | OK | |||
r-oldrel-macos-x86_64 | 0.3.11 | 59.00 | OK | |||
r-oldrel-windows-x86_64 | 0.4.1 | 15.00 | 118.00 | 133.00 | OK |
Version: 0.4.1
Check: Rd cross-references
Result: NOTE
Undeclared package ‘geohashTools’ in Rd xrefs
Flavor: r-devel-linux-x86_64-fedora-clang