CRAN Package Check Results for Package MatrixLDA

Last updated on 2021-12-04 22:59:38 CET.

Flavor Version Tinstall Tcheck Ttotal Status Flags
r-devel-linux-x86_64-debian-clang 0.2 28.55 54.77 83.32 NOTE
r-devel-linux-x86_64-debian-gcc 0.2 23.76 42.44 66.20 NOTE
r-devel-linux-x86_64-fedora-clang 0.2 123.04 NOTE
r-devel-linux-x86_64-fedora-gcc 0.2 101.34 NOTE
r-devel-windows-x86_64-new-UL 0.2 44.00 106.00 150.00 NOTE
r-devel-windows-x86_64-new-TK 0.2 NOTE
r-devel-windows-x86_64-old 0.2 44.00 59.00 103.00 NOTE
r-patched-linux-x86_64 0.2 27.64 44.31 71.95 NOTE
r-release-linux-x86_64 0.2 29.38 45.13 74.51 NOTE
r-release-macos-arm64 0.2 NOTE
r-release-macos-x86_64 0.2 NOTE
r-release-windows-ix86+x86_64 0.2 82.00 104.00 186.00 NOTE
r-oldrel-macos-x86_64 0.2 OK
r-oldrel-windows-ix86+x86_64 0.2 82.00 111.00 193.00 OK

Check Details

Version: 0.2
Check: LazyData
Result: NOTE
     'LazyData' is specified without a 'data' directory
Flavors: r-devel-linux-x86_64-debian-clang, r-devel-linux-x86_64-debian-gcc, r-devel-linux-x86_64-fedora-clang, r-devel-linux-x86_64-fedora-gcc, r-devel-windows-x86_64-new-UL, r-devel-windows-x86_64-new-TK, r-devel-windows-x86_64-old, r-patched-linux-x86_64, r-release-linux-x86_64, r-release-macos-arm64, r-release-macos-x86_64, r-release-windows-ix86+x86_64