Last updated on 2023-06-07 09:01:59 CEST.
Flavor | Version | Tinstall | Tcheck | Ttotal | Status | Flags |
---|---|---|---|---|---|---|
r-devel-linux-x86_64-debian-clang | 4.5.3 | 90.70 | 215.69 | 306.39 | NOTE | |
r-devel-linux-x86_64-debian-gcc | 4.5.3 | 75.77 | 161.07 | 236.84 | NOTE | |
r-devel-linux-x86_64-fedora-clang | 4.5.3 | 421.30 | NOTE | |||
r-devel-linux-x86_64-fedora-gcc | 4.5.3 | 420.12 | NOTE | |||
r-devel-windows-x86_64 | 4.5.3 | 70.00 | 207.00 | 277.00 | NOTE | |
r-patched-linux-x86_64 | 4.5.3 | 91.89 | 207.36 | 299.25 | NOTE | |
r-release-linux-x86_64 | 4.5.3 | 84.91 | 202.11 | 287.02 | NOTE | |
r-release-macos-arm64 | 4.5.3 | 118.00 | NOTE | |||
r-release-macos-x86_64 | 4.5.3 | 203.00 | NOTE | |||
r-release-windows-x86_64 | 4.5.3 | 97.00 | 247.00 | 344.00 | NOTE | |
r-oldrel-macos-arm64 | 4.5.3 | 110.00 | NOTE | |||
r-oldrel-macos-x86_64 | 4.5.3 | 130.00 | NOTE | |||
r-oldrel-windows-x86_64 | 4.5.3 | 87.00 | 232.00 | 319.00 | NOTE |
Version: 4.5.3
Check: package dependencies
Result: NOTE
Package suggested but not available for checking: ‘gurobi’
Flavors: r-devel-linux-x86_64-debian-clang, r-devel-linux-x86_64-debian-gcc, r-devel-linux-x86_64-fedora-clang, r-devel-linux-x86_64-fedora-gcc, r-devel-windows-x86_64, r-patched-linux-x86_64, r-release-linux-x86_64, r-release-macos-arm64, r-release-macos-x86_64, r-release-windows-x86_64, r-oldrel-macos-arm64, r-oldrel-macos-x86_64, r-oldrel-windows-x86_64
Version: 4.5.3
Check: installed package size
Result: NOTE
installed size is 5.7Mb
sub-directories of 1Mb or more:
doc 1.4Mb
libs 3.2Mb
Flavors: r-release-macos-arm64, r-release-macos-x86_64, r-oldrel-macos-arm64, r-oldrel-macos-x86_64