CRAN Package Check Results for Package Markovchart

Last updated on 2021-08-05 12:57:15 CEST.

Flavor Version Tinstall Tcheck Ttotal Status Flags
r-devel-linux-x86_64-debian-clang 2.0.1 7.70 71.63 79.33 OK
r-devel-linux-x86_64-debian-gcc 2.0.1 6.88 53.11 59.99 OK
r-devel-linux-x86_64-fedora-clang 2.0.1 103.54 OK
r-devel-linux-x86_64-fedora-gcc 2.0.1 89.59 OK
r-devel-windows-x86_64 2.0.1 13.00 94.00 107.00 OK
r-devel-windows-x86_64-gcc10-UCRT 2.0.1 ERROR
r-patched-linux-x86_64 2.0.1 7.05 66.02 73.07 OK
r-patched-solaris-x86 2.0.1 142.40 OK
r-release-linux-x86_64 2.0.1 6.98 65.58 72.56 OK
r-release-macos-arm64 2.0.1 OK
r-release-macos-x86_64 2.0.1 OK
r-release-windows-ix86+x86_64 2.0.1 19.00 67.00 86.00 OK
r-oldrel-macos-x86_64 2.0.1 OK
r-oldrel-windows-ix86+x86_64 2.0.1 20.00 93.00 113.00 OK

Check Details

Version: 2.0.1
Check: package dependencies
Result: ERROR
    Packages required but not available: 'ggplot2', 'metR'
    
    See section 'The DESCRIPTION file' in the 'Writing R Extensions'
    manual.
Flavor: r-devel-windows-x86_64-gcc10-UCRT