CRAN Package Check Results for Package ManifoldOptim

Last updated on 2021-12-04 10:52:36 CET.

Flavor Version Tinstall Tcheck Ttotal Status Flags
r-devel-linux-x86_64-debian-clang 1.0.0 205.09 35.73 240.82 OK
r-devel-linux-x86_64-debian-gcc 1.0.0 149.50 28.05 177.55 OK
r-devel-linux-x86_64-fedora-clang 1.0.0 462.59 NOTE
r-devel-linux-x86_64-fedora-gcc 1.0.0 324.73 OK
r-devel-windows-x86_64-new-UL 1.0.0 538.00 101.00 639.00 OK
r-devel-windows-x86_64-new-TK 1.0.0 OK
r-devel-windows-x86_64-old 1.0.0 491.00 48.00 539.00 OK
r-patched-linux-x86_64 1.0.0 181.02 26.82 207.84 OK
r-release-linux-x86_64 1.0.0 182.97 26.75 209.72 OK
r-release-macos-arm64 1.0.0 NOTE
r-release-macos-x86_64 1.0.0 NOTE
r-release-windows-ix86+x86_64 1.0.0 900.00 81.00 981.00 OK
r-oldrel-macos-x86_64 1.0.0 NOTE
r-oldrel-windows-ix86+x86_64 1.0.0 873.00 76.00 949.00 OK

Check Details

Version: 1.0.0
Check: installed package size
Result: NOTE
     installed size is 9.2Mb
     sub-directories of 1Mb or more:
     libs 8.8Mb
Flavors: r-devel-linux-x86_64-fedora-clang, r-release-macos-arm64, r-release-macos-x86_64, r-oldrel-macos-x86_64