CRAN Package Check Results for Package MachineShop

Last updated on 2019-09-22 21:47:40 CEST.

Flavor Version Tinstall Tcheck Ttotal Status Flags
r-devel-linux-x86_64-debian-clang 1.5.0 32.44 727.76 760.20 OK
r-devel-linux-x86_64-debian-gcc 1.5.0 32.48 528.27 560.75 OK
r-devel-linux-x86_64-fedora-clang 1.5.0 913.85 NOTE
r-devel-linux-x86_64-fedora-gcc 1.5.0 889.74 NOTE
r-devel-windows-ix86+x86_64 1.5.0 102.00 565.00 667.00 OK
r-patched-linux-x86_64 1.5.0 33.66 685.77 719.43 OK
r-patched-solaris-x86 1.5.0 1425.30 NOTE
r-release-linux-x86_64 1.5.0 34.20 686.83 721.03 OK
r-release-windows-ix86+x86_64 1.5.0 88.00 564.00 652.00 OK
r-release-osx-x86_64 1.5.0 NOTE
r-oldrel-windows-ix86+x86_64 1.5.0 42.00 415.00 457.00 OK
r-oldrel-osx-x86_64 1.5.0 NOTE

Check Details

Version: 1.5.0
Check: dependencies in R code
Result: NOTE
    Namespace in Imports field not imported from: ‘polspline’
     All declared Imports should be used.
Flavors: r-devel-linux-x86_64-fedora-clang, r-devel-linux-x86_64-fedora-gcc, r-patched-solaris-x86, r-release-osx-x86_64, r-oldrel-osx-x86_64