CRAN Package Check Results for Package MaOEA

Last updated on 2020-07-11 09:48:59 CEST.

Flavor Version Tinstall Tcheck Ttotal Status Flags
r-devel-linux-x86_64-debian-clang 0.5.2 11.21 86.69 97.90 OK
r-devel-linux-x86_64-debian-gcc 0.5.2 9.60 66.88 76.48 OK
r-devel-linux-x86_64-fedora-clang 0.5.2 154.33 OK
r-devel-linux-x86_64-fedora-gcc 0.5.2 142.43 OK
r-devel-windows-ix86+x86_64 0.5.2 45.00 124.00 169.00 OK
r-patched-linux-x86_64 0.5.2 9.38 86.25 95.63 OK
r-patched-solaris-x86 0.5.2 155.20 OK
r-release-linux-x86_64 0.5.2 11.55 84.79 96.34 OK
r-release-osx-x86_64 0.5.2 OK
r-release-windows-ix86+x86_64 0.5.2 34.00 152.00 186.00 NOTE
r-oldrel-osx-x86_64 0.5.2 OK
r-oldrel-windows-ix86+x86_64 0.5.2 41.00 115.00 156.00 OK

Check Details

Version: 0.5.2
Check: whether the namespace can be loaded with stated dependencies
Result: NOTE
    Warning in system2(command = python, args = paste0("\"", config_script, :
     running command '"C:/Users/CRAN/AppData/Local/r-miniconda/envs/r-reticulate/python.exe" "d:/RCompile/CRANpkg/lib/4.0/reticulate/config/config.py"' had status 2
    Warning in system2(command = python, args = paste0("\"", config_script, :
     running command '"C:/Users/CRAN/AppData/Local/r-miniconda/envs/r-reticulate/python.exe" "d:/RCompile/CRANpkg/lib/4.0/reticulate/config/config.py"' had status 2
    
    A namespace must be able to be loaded with just the base namespace
    loaded: otherwise if the namespace gets loaded by a saved object, the
    session will be unable to start.
    
    Probably some imports need to be declared in the NAMESPACE file.
Flavor: r-release-windows-ix86+x86_64