CRAN Package Check Results for Package MaOEA

Last updated on 2024-06-17 11:57:31 CEST.

Flavor Version Tinstall Tcheck Ttotal Status Flags
r-devel-linux-x86_64-debian-clang 0.6.2 12.14 95.42 107.56 NOTE
r-devel-linux-x86_64-debian-gcc 0.6.2 9.69 69.94 79.63 NOTE
r-devel-linux-x86_64-fedora-clang 0.6.2 131.89 NOTE
r-devel-linux-x86_64-fedora-gcc 0.6.2 124.45 NOTE
r-devel-windows-x86_64 0.6.2 11.00 89.00 100.00 NOTE
r-patched-linux-x86_64 0.6.2 11.49 92.28 103.77 NOTE
r-release-linux-x86_64 0.6.2 13.72 91.00 104.72 NOTE
r-release-macos-arm64 0.6.2 38.00 NOTE
r-release-macos-x86_64 0.6.2 61.00 NOTE
r-release-windows-x86_64 0.6.2 11.00 88.00 99.00 NOTE
r-oldrel-macos-arm64 0.6.2 40.00 NOTE
r-oldrel-macos-x86_64 0.6.2 66.00 NOTE
r-oldrel-windows-x86_64 0.6.2 13.00 110.00 123.00 NOTE

Check Details

Version: 0.6.2
Check: LazyData
Result: NOTE 'LazyData' is specified without a 'data' directory Flavors: r-devel-linux-x86_64-debian-clang, r-devel-linux-x86_64-debian-gcc, r-devel-linux-x86_64-fedora-clang, r-devel-linux-x86_64-fedora-gcc, r-devel-windows-x86_64, r-patched-linux-x86_64, r-release-linux-x86_64, r-release-macos-arm64, r-release-macos-x86_64, r-release-windows-x86_64, r-oldrel-macos-arm64, r-oldrel-macos-x86_64, r-oldrel-windows-x86_64