CRAN Package Check Results for Package MXM

Last updated on 2022-01-23 08:45:28 CET.

Flavor Version Tinstall Tcheck Ttotal Status Flags
r-devel-linux-x86_64-debian-clang 1.5.2 88.19 585.28 673.47 OK
r-devel-linux-x86_64-debian-gcc 1.5.2 78.87 454.38 533.25 OK
r-devel-linux-x86_64-fedora-clang 1.5.2 820.47 NOTE
r-devel-linux-x86_64-fedora-gcc 1.5.2 879.06 NOTE
r-devel-windows-x86_64-new-UL 1.5.2 213.00 665.00 878.00 OK
r-devel-windows-x86_64-new-TK 1.5.2 ERROR
r-patched-linux-x86_64 1.5.2 97.24 568.32 665.56 OK
r-release-linux-x86_64 1.5.2 67.17 561.00 628.17 OK
r-release-macos-arm64 1.5.2 NOTE
r-release-macos-x86_64 1.5.2 NOTE
r-release-windows-ix86+x86_64 1.5.2 153.00 679.00 832.00 OK
r-oldrel-macos-x86_64 1.5.2 NOTE
r-oldrel-windows-ix86+x86_64 1.5.2 154.00 670.00 824.00 OK

Check Details

Version: 1.5.2
Check: dependencies in R code
Result: NOTE
    Namespace in Imports field not imported from: ‘knitr’
     All declared Imports should be used.
Flavors: r-devel-linux-x86_64-fedora-clang, r-devel-linux-x86_64-fedora-gcc, r-release-macos-arm64, r-release-macos-x86_64, r-oldrel-macos-x86_64

Version: 1.5.2
Check: package dependencies
Result: ERROR
    Package required but not available: 'lme4'
    
    See section 'The DESCRIPTION file' in the 'Writing R Extensions'
    manual.
Flavor: r-devel-windows-x86_64-new-TK