CRAN Package Check Results for Package MTSYS

Last updated on 2024-02-29 18:20:27 CET.

Flavor Version Tinstall Tcheck Ttotal Status Flags
r-devel-linux-x86_64-debian-clang 1.2.0 2.82 31.61 34.43 NOTE
r-devel-linux-x86_64-debian-gcc 1.2.0 1.96 25.02 26.98 NOTE
r-devel-linux-x86_64-fedora-clang 1.2.0 45.32 NOTE
r-devel-linux-x86_64-fedora-gcc 1.2.0 43.90 NOTE
r-devel-windows-x86_64 1.2.0 3.00 57.00 60.00 NOTE
r-patched-linux-x86_64 1.2.0 2.77 31.72 34.49 NOTE
r-release-linux-x86_64 1.2.0 2.19 31.31 33.50 NOTE
r-release-macos-arm64 1.2.0 19.00 NOTE
r-release-macos-x86_64 1.2.0 25.00 NOTE
r-release-windows-x86_64 1.2.0 5.00 58.00 63.00 NOTE
r-oldrel-macos-arm64 1.2.0 19.00 NOTE
r-oldrel-windows-x86_64 1.2.0 5.00 56.00 61.00 NOTE

Check Details

Version: 1.2.0
Check: LazyData
Result: NOTE 'LazyData' is specified without a 'data' directory Flavors: r-devel-linux-x86_64-debian-clang, r-devel-linux-x86_64-debian-gcc, r-devel-linux-x86_64-fedora-clang, r-devel-linux-x86_64-fedora-gcc, r-devel-windows-x86_64, r-patched-linux-x86_64, r-release-linux-x86_64, r-release-macos-arm64, r-release-macos-x86_64, r-release-windows-x86_64, r-oldrel-macos-arm64, r-oldrel-windows-x86_64