CRAN Package Check Results for Package MScombine

Last updated on 2024-06-13 03:49:26 CEST.

Flavor Version Tinstall Tcheck Ttotal Status Flags
r-devel-linux-x86_64-debian-clang 1.4 3.34 29.13 32.47 NOTE
r-devel-linux-x86_64-debian-gcc 1.4 1.86 22.58 24.44 NOTE
r-devel-linux-x86_64-fedora-clang 1.4 39.99 NOTE
r-devel-linux-x86_64-fedora-gcc 1.4 37.95 NOTE
r-devel-windows-x86_64 1.4 3.00 42.00 45.00 NOTE
r-patched-linux-x86_64 1.4 3.24 27.83 31.07 NOTE
r-release-linux-x86_64 1.4 3.12 28.66 31.78 NOTE
r-release-macos-arm64 1.4 16.00 NOTE
r-release-macos-x86_64 1.4 30.00 NOTE
r-release-windows-x86_64 1.4 3.00 43.00 46.00 NOTE
r-oldrel-macos-arm64 1.4 19.00 NOTE
r-oldrel-macos-x86_64 1.4 23.00 NOTE
r-oldrel-windows-x86_64 1.4 4.00 46.00 50.00 NOTE

Check Details

Version: 1.4
Check: LazyData
Result: NOTE 'LazyData' is specified without a 'data' directory Flavors: r-devel-linux-x86_64-debian-clang, r-devel-linux-x86_64-debian-gcc, r-devel-linux-x86_64-fedora-clang, r-devel-linux-x86_64-fedora-gcc, r-devel-windows-x86_64, r-patched-linux-x86_64, r-release-linux-x86_64, r-release-macos-arm64, r-release-macos-x86_64, r-release-windows-x86_64, r-oldrel-macos-arm64, r-oldrel-macos-x86_64, r-oldrel-windows-x86_64

Version: 1.4
Check: package dependencies
Result: NOTE Package suggested but not available for checking: ‘testthat’ Flavor: r-devel-linux-x86_64-debian-gcc