Last updated on 2023-03-29 09:50:55 CEST.
Flavor | Version | Tinstall | Tcheck | Ttotal | Status | Flags |
---|---|---|---|---|---|---|
r-devel-linux-x86_64-debian-clang | 0.1.1 | 146.78 | 63.89 | 210.67 | OK | |
r-devel-linux-x86_64-debian-gcc | 0.1.1 | 115.33 | 51.50 | 166.83 | OK | |
r-devel-linux-x86_64-fedora-clang | 0.1.1 | 275.94 | OK | |||
r-devel-linux-x86_64-fedora-gcc | 0.1.1 | 283.21 | OK | |||
r-devel-windows-x86_64 | 0.1.1 | 153.00 | 0.00 | 153.00 | OK | |
r-patched-linux-x86_64 | 0.1.1 | 97.55 | 65.19 | 162.74 | OK | |
r-release-linux-x86_64 | 0.1.1 | 87.52 | 54.48 | 142.00 | OK | |
r-release-macos-arm64 | 0.1.1 | 60.00 | NOTE | |||
r-release-macos-x86_64 | 0.1.1 | 86.00 | NOTE | |||
r-release-windows-x86_64 | 0.1.1 | 147.00 | 112.00 | 259.00 | OK | |
r-oldrel-macos-arm64 | 0.1.1 | 56.00 | NOTE | |||
r-oldrel-macos-x86_64 | 0.1.1 | 89.00 | NOTE | |||
r-oldrel-windows-ix86+x86_64 | 0.1.1 | 317.00 | 115.00 | 432.00 | OK |
Version: 0.1.1
Check: installed package size
Result: NOTE
installed size is 14.3Mb
sub-directories of 1Mb or more:
libs 13.6Mb
Flavors: r-release-macos-arm64, r-release-macos-x86_64, r-oldrel-macos-arm64, r-oldrel-macos-x86_64