CRAN Package Check Results for Package MSGARCH

Last updated on 2019-04-19 21:46:55 CEST.

Flavor Version Tinstall Tcheck Ttotal Status Flags
r-devel-linux-x86_64-debian-clang 2.3 297.63 330.13 627.76 NOTE
r-devel-linux-x86_64-debian-gcc 2.3 277.28 251.01 528.29 NOTE
r-devel-linux-x86_64-fedora-clang 2.3 897.61 NOTE
r-devel-linux-x86_64-fedora-gcc 2.3 828.43 NOTE
r-devel-windows-ix86+x86_64 2.3 803.00 518.00 1321.00 NOTE
r-patched-linux-x86_64 2.3 331.33 325.56 656.89 NOTE
r-patched-solaris-x86 2.3 881.10 NOTE
r-release-linux-x86_64 2.3 316.82 322.98 639.80 OK
r-release-windows-ix86+x86_64 2.3 639.00 504.00 1143.00 NOTE
r-release-osx-x86_64 2.3 NOTE
r-oldrel-windows-ix86+x86_64 2.3 559.00 668.00 1227.00 NOTE
r-oldrel-osx-x86_64 2.3 NOTE

Check Details

Version: 2.3
Check: use of SHLIB_OPENMP_*FLAGS in Makefiles
Result: NOTE
     src/Makevars.win: SHLIB_OPENMP_CXXFLAGS is included in PKG_LIBS but not in PKG_CXXFLAGS
    Use of these macros is discussed in sect 1.2.1.1 of 'Writing R
    Extensions'. The macros for different languages may differ so the
    matching macro must be used in PKG_CXXFLAGS (etc) and match that used
    in PKG_LIBS (except for Fortran: see the manual).
Flavors: r-devel-linux-x86_64-debian-clang, r-devel-linux-x86_64-debian-gcc, r-devel-linux-x86_64-fedora-clang, r-devel-linux-x86_64-fedora-gcc, r-patched-linux-x86_64

Version: 2.3
Check: installed package size
Result: NOTE
     installed size is 43.4Mb
     sub-directories of 1Mb or more:
     libs 43.0Mb
Flavors: r-devel-linux-x86_64-fedora-clang, r-devel-windows-ix86+x86_64, r-patched-solaris-x86, r-release-windows-ix86+x86_64, r-release-osx-x86_64, r-oldrel-windows-ix86+x86_64, r-oldrel-osx-x86_64