CRAN Package Check Results for Package MSGARCH

Last updated on 2019-06-16 13:19:25 CEST.

Flavor Version Tinstall Tcheck Ttotal Status Flags
r-devel-linux-x86_64-debian-clang 2.3 316.98 328.97 645.95 NOTE
r-devel-linux-x86_64-debian-gcc 2.3 285.57 253.07 538.64 NOTE
r-devel-linux-x86_64-fedora-clang 2.3 885.00 NOTE
r-devel-linux-x86_64-fedora-gcc 2.3 840.72 NOTE
r-devel-windows-ix86+x86_64 2.3 805.00 519.00 1324.00 NOTE
r-patched-linux-x86_64 2.3 335.96 323.82 659.78 NOTE
r-patched-solaris-x86 2.3 914.60 NOTE
r-release-linux-x86_64 2.3 324.14 325.10 649.24 NOTE
r-release-windows-ix86+x86_64 2.3 657.00 670.00 1327.00 NOTE
r-release-osx-x86_64 2.3 NOTE
r-oldrel-windows-ix86+x86_64 2.3 564.00 659.00 1223.00 NOTE
r-oldrel-osx-x86_64 2.3 NOTE

Check Details

Version: 2.3
Check: use of SHLIB_OPENMP_*FLAGS in Makefiles
Result: NOTE
     src/Makevars.win: SHLIB_OPENMP_CXXFLAGS is included in PKG_LIBS but not in PKG_CXXFLAGS
    Use of these macros is discussed in sect 1.2.1.1 of 'Writing R
    Extensions'. The macros for different languages may differ so the
    matching macro must be used in PKG_CXXFLAGS (etc) and match that used
    in PKG_LIBS (except for Fortran: see the manual).
Flavors: r-devel-linux-x86_64-debian-clang, r-devel-linux-x86_64-debian-gcc, r-devel-linux-x86_64-fedora-clang, r-devel-linux-x86_64-fedora-gcc, r-patched-linux-x86_64, r-release-linux-x86_64

Version: 2.3
Check: installed package size
Result: NOTE
     installed size is 43.5Mb
     sub-directories of 1Mb or more:
     libs 43.1Mb
Flavors: r-devel-linux-x86_64-fedora-clang, r-devel-windows-ix86+x86_64, r-patched-solaris-x86, r-release-windows-ix86+x86_64, r-release-osx-x86_64, r-oldrel-windows-ix86+x86_64, r-oldrel-osx-x86_64