CRAN Package Check Results for Package MPN

Last updated on 2023-06-02 07:55:28 CEST.

Flavor Version Tinstall Tcheck Ttotal Status Flags
r-devel-linux-x86_64-debian-clang 0.3.0 2.43 32.42 34.85 NOTE
r-devel-linux-x86_64-debian-gcc 0.3.0 1.53 24.66 26.19 NOTE
r-devel-linux-x86_64-fedora-clang 0.3.0 43.93 NOTE
r-devel-linux-x86_64-fedora-gcc 0.3.0 56.13 NOTE
r-devel-windows-x86_64 0.3.0 4.00 47.00 51.00 NOTE
r-patched-linux-x86_64 0.3.0 NOTE
r-release-linux-x86_64 0.3.0 1.86 30.52 32.38 NOTE
r-release-macos-arm64 0.3.0 29.00 NOTE
r-release-macos-x86_64 0.3.0 37.00 NOTE
r-release-windows-x86_64 0.3.0 3.00 48.00 51.00 NOTE
r-oldrel-macos-arm64 0.3.0 24.00 NOTE
r-oldrel-macos-x86_64 0.3.0 25.00 NOTE
r-oldrel-windows-x86_64 0.3.0 4.00 51.00 55.00 NOTE

Check Details

Version: 0.3.0
Check: LazyData
Result: NOTE
     'LazyData' is specified without a 'data' directory
Flavors: r-devel-linux-x86_64-debian-clang, r-devel-linux-x86_64-debian-gcc, r-devel-linux-x86_64-fedora-clang, r-devel-linux-x86_64-fedora-gcc, r-devel-windows-x86_64, r-patched-linux-x86_64, r-release-linux-x86_64, r-release-macos-arm64, r-release-macos-x86_64, r-release-windows-x86_64, r-oldrel-macos-arm64, r-oldrel-macos-x86_64, r-oldrel-windows-x86_64