Last updated on 2022-05-23 18:50:36 CEST.
Flavor | Version | Tinstall | Tcheck | Ttotal | Status | Flags |
---|---|---|---|---|---|---|
r-devel-linux-x86_64-debian-clang | 1.2.3 | 14.17 | 120.81 | 134.98 | OK | |
r-devel-linux-x86_64-debian-gcc | 1.2.3 | 11.93 | 92.36 | 104.29 | OK | |
r-devel-linux-x86_64-fedora-clang | 1.2.3 | 175.84 | OK | |||
r-devel-linux-x86_64-fedora-gcc | 1.2.3 | 166.22 | OK | |||
r-devel-windows-x86_64 | 1.2.3 | 44.00 | 161.00 | 205.00 | OK | |
r-patched-linux-x86_64 | 1.2.3 | 16.27 | 117.42 | 133.69 | OK | |
r-release-linux-x86_64 | 1.2.3 | OK | ||||
r-release-macos-arm64 | 1.2.3 | 48.00 | NOTE | |||
r-release-macos-x86_64 | 1.2.3 | 64.00 | OK | |||
r-release-windows-x86_64 | 1.2.3 | 54.00 | 154.00 | 208.00 | OK | |
r-oldrel-macos-arm64 | 1.2.3 | 64.00 | NOTE | |||
r-oldrel-macos-x86_64 | 1.2.3 | 91.00 | OK | |||
r-oldrel-windows-ix86+x86_64 | 1.2.3 | 29.00 | 138.00 | 167.00 | OK |
Version: 1.2.3
Check: package dependencies
Result: NOTE
Packages suggested but not available for checking:
'CGHcall', 'aroma.affymetrix', 'aroma.cn', 'aroma.core',
'aroma.light'
Flavors: r-release-macos-arm64, r-oldrel-macos-arm64