CRAN Package Check Results for Package MOCHA

Last updated on 2024-02-29 17:22:27 CET.

Flavor Version Tinstall Tcheck Ttotal Status Flags
r-devel-linux-x86_64-debian-clang 1.1.0 21.71 322.24 343.95 NOTE
r-devel-linux-x86_64-debian-gcc 1.1.0 20.33 244.24 264.57 NOTE
r-devel-linux-x86_64-fedora-clang 1.1.0 404.00 NOTE
r-devel-linux-x86_64-fedora-gcc 1.1.0 400.45 NOTE
r-devel-windows-x86_64 1.1.0 24.00 430.00 454.00 NOTE
r-patched-linux-x86_64 1.1.0 27.35 315.17 342.52 NOTE
r-release-linux-x86_64 1.1.0 23.09 304.39 327.48 NOTE
r-release-macos-arm64 1.1.0 131.00 ERROR
r-release-macos-x86_64 1.1.0 263.00 ERROR
r-release-windows-x86_64 1.1.0 31.00 567.00 598.00 NOTE
r-oldrel-macos-arm64 1.1.0 10.00 ERROR
r-oldrel-windows-x86_64 1.1.0 31.00 532.00 563.00 NOTE

Check Details

Version: 1.1.0
Check: package dependencies
Result: NOTE Package suggested but not available for checking: ‘ArchR’ Flavors: r-devel-linux-x86_64-debian-clang, r-devel-linux-x86_64-debian-gcc, r-patched-linux-x86_64, r-release-linux-x86_64

Version: 1.1.0
Check: package dependencies
Result: NOTE Packages suggested but not available for checking: 'ArchR', 'TxDb.Hsapiens.UCSC.hg38.refGene' Imports includes 31 non-default packages. Importing from so many packages makes the package vulnerable to any of them becoming unavailable. Move as many as possible to Suggests and use conditionally. Flavor: r-devel-linux-x86_64-fedora-clang

Version: 1.1.0
Check: package dependencies
Result: NOTE Packages suggested but not available for checking: 'ArchR', 'TxDb.Hsapiens.UCSC.hg38.refGene' Flavors: r-devel-linux-x86_64-fedora-gcc, r-devel-windows-x86_64, r-release-windows-x86_64, r-oldrel-windows-x86_64

Version: 1.1.0
Check: package dependencies
Result: NOTE Packages suggested but not available for checking: 'ArchR', 'motifmatchr', 'TxDb.Hsapiens.UCSC.hg38.refGene', 'BSgenome.Hsapiens.UCSC.hg19', 'chromVAR' Flavors: r-release-macos-arm64, r-release-macos-x86_64

Version: 1.1.0
Check: tests
Result: ERROR Running ‘testthat.R’ [45s/59s] Running the tests in ‘tests/testthat.R’ failed. Last 13 lines of output: ── Error ('test_exportOpenTiles.R:13:3'): exportDifferentials works on a 3 sample test dataset ── Error in `.stopOnAvailablePkg(genome)`: BSgenome.Hsapiens.UCSC.hg19 package is not currently installed. You first need to install it, which you can do with: library(BiocManager) install("BSgenome.Hsapiens.UCSC.hg19") Backtrace: ▆ 1. └─MOCHA::exportOpenTiles(...) at test_exportOpenTiles.R:13:3 2. └─BSgenome::getBSgenome(S4Vectors::metadata(SampleTileObject)$Genome) 3. └─BSgenome:::.getInstalledPkgnameFromGenome(genome, masked = masked) 4. └─BSgenome:::.stopOnAvailablePkg(genome) [ FAIL 2 | WARN 14 | SKIP 23 | PASS 21 ] Error: Test failures Execution halted Flavor: r-release-macos-arm64

Version: 1.1.0
Check: tests
Result: ERROR Running ‘testthat.R’ [72s/131s] Running the tests in ‘tests/testthat.R’ failed. Last 13 lines of output: ── Error ('test_exportOpenTiles.R:13:3'): exportDifferentials works on a 3 sample test dataset ── Error in `.stopOnAvailablePkg(genome)`: BSgenome.Hsapiens.UCSC.hg19 package is not currently installed. You first need to install it, which you can do with: library(BiocManager) install("BSgenome.Hsapiens.UCSC.hg19") Backtrace: ▆ 1. └─MOCHA::exportOpenTiles(...) at test_exportOpenTiles.R:13:3 2. └─BSgenome::getBSgenome(S4Vectors::metadata(SampleTileObject)$Genome) 3. └─BSgenome:::.getInstalledPkgnameFromGenome(genome, masked = masked) 4. └─BSgenome:::.stopOnAvailablePkg(genome) [ FAIL 2 | WARN 14 | SKIP 23 | PASS 21 ] Error: Test failures Execution halted Flavor: r-release-macos-x86_64

Version: 1.1.0
Check: package dependencies
Result: ERROR Packages required but not available: 'plyranges', 'RaggedExperiment', 'MultiAssayExperiment', 'ggbio' Packages suggested but not available for checking: 'ArchR', 'motifmatchr', 'TxDb.Hsapiens.UCSC.hg38.refGene', 'BSgenome.Hsapiens.UCSC.hg19', 'chromVAR' See section ‘The DESCRIPTION file’ in the ‘Writing R Extensions’ manual. Flavor: r-oldrel-macos-arm64