CRAN Package Check Results for Package MNP

Last updated on 2019-04-24 14:47:33 CEST.

Flavor Version Tinstall Tcheck Ttotal Status Flags
r-devel-linux-x86_64-debian-clang 3.1-0 5.35 46.40 51.75 OK
r-devel-linux-x86_64-debian-gcc 3.1-0 3.62 36.98 40.60 OK
r-devel-linux-x86_64-fedora-clang 3.1-0 64.29 OK
r-devel-linux-x86_64-fedora-gcc 3.1-0 66.68 OK
r-devel-windows-ix86+x86_64 3.1-0 20.00 103.00 123.00 OK
r-patched-linux-x86_64 3.1-0 4.22 46.82 51.04 OK
r-patched-solaris-x86 3.1-0 103.20 OK
r-release-linux-x86_64 3.1-0 3.65 45.31 48.96 OK
r-release-windows-ix86+x86_64 3.1-0 12.00 110.00 122.00 OK
r-release-osx-x86_64 3.1-0 OK
r-oldrel-windows-ix86+x86_64 3.1-0 18.00 90.00 108.00 OK
r-oldrel-osx-x86_64 3.1-0 WARN

Check Details

Version: 3.1-0
Check: re-building of vignette outputs
Result: WARN
    Error in re-building vignettes:
     ...
    Error in texi2dvi(file = file, pdf = TRUE, clean = clean, quiet = quiet, :
     Running 'texi2dvi' on 'MNP.tex' failed.
    LaTeX errors:
    ! LaTeX Error: File `titlesec.sty' not found.
    
    Type X to quit or <RETURN> to proceed,
    or enter new name. (Default extension: sty)
    
    ! Emergency stop.
    <read *>
    
    l.29 ^^M
    
    ! ==> Fatal error occurred, no output PDF file produced!
    Calls: buildVignettes -> texi2pdf -> texi2dvi
    Execution halted
Flavor: r-oldrel-osx-x86_64