CRAN Package Check Results for Package MMD

Last updated on 2024-06-18 16:49:57 CEST.

Flavor Version Tinstall Tcheck Ttotal Status Flags
r-devel-linux-x86_64-debian-clang 1.0.0 2.48 74.36 76.84 NOTE
r-devel-linux-x86_64-debian-gcc 1.0.0 2.97 53.40 56.37 NOTE
r-devel-linux-x86_64-fedora-clang 1.0.0 94.11 NOTE
r-devel-linux-x86_64-fedora-gcc 1.0.0 103.58 NOTE
r-devel-windows-x86_64 1.0.0 4.00 68.00 72.00 NOTE
r-patched-linux-x86_64 1.0.0 3.66 68.37 72.03 NOTE
r-release-linux-x86_64 1.0.0 3.81 69.02 72.83 NOTE
r-release-macos-arm64 1.0.0 33.00 NOTE
r-release-macos-x86_64 1.0.0 51.00 NOTE
r-release-windows-x86_64 1.0.0 4.00 67.00 71.00 NOTE
r-oldrel-macos-arm64 1.0.0 33.00 NOTE
r-oldrel-macos-x86_64 1.0.0 57.00 NOTE
r-oldrel-windows-x86_64 1.0.0 5.00 81.00 86.00 NOTE

Check Details

Version: 1.0.0
Check: Rd files
Result: NOTE checkRd: (-1) MMD_attr.Rd:62: Lost braces; missing escapes or markup? 62 | \item Probability of attribution of each unknown individual to each source $p_{u,s}$ | ^ Flavors: r-devel-linux-x86_64-debian-clang, r-devel-linux-x86_64-debian-gcc, r-devel-linux-x86_64-fedora-clang, r-devel-linux-x86_64-fedora-gcc, r-devel-windows-x86_64, r-patched-linux-x86_64, r-release-linux-x86_64, r-release-macos-arm64, r-release-macos-x86_64, r-release-windows-x86_64

Version: 1.0.0
Check: LazyData
Result: NOTE 'LazyData' is specified without a 'data' directory Flavors: r-devel-linux-x86_64-debian-clang, r-devel-linux-x86_64-debian-gcc, r-devel-linux-x86_64-fedora-clang, r-devel-linux-x86_64-fedora-gcc, r-devel-windows-x86_64, r-patched-linux-x86_64, r-release-linux-x86_64, r-release-macos-arm64, r-release-macos-x86_64, r-release-windows-x86_64, r-oldrel-macos-arm64, r-oldrel-macos-x86_64, r-oldrel-windows-x86_64