CRAN Package Check Results for Package MLZ

Last updated on 2020-06-01 06:48:30 CEST.

Flavor Version Tinstall Tcheck Ttotal Status Flags
r-devel-linux-x86_64-debian-clang 0.1.3 174.99 115.53 290.52 OK
r-devel-linux-x86_64-debian-gcc 0.1.3 99.12 89.21 188.33 OK
r-devel-linux-x86_64-fedora-clang 0.1.3 412.58 NOTE
r-devel-linux-x86_64-fedora-gcc 0.1.3 365.98 OK
r-devel-windows-ix86+x86_64 0.1.3 255.00 218.00 473.00 NOTE
r-patched-linux-x86_64 0.1.3 131.10 115.11 246.21 OK
r-patched-solaris-x86 0.1.3 317.80 OK
r-release-linux-x86_64 0.1.3 130.93 116.68 247.61 OK
r-release-osx-x86_64 0.1.3 NOTE
r-release-windows-ix86+x86_64 0.1.3 202.00 223.00 425.00 NOTE
r-oldrel-osx-x86_64 0.1.3 NOTE
r-oldrel-windows-ix86+x86_64 0.1.3 189.00 173.00 362.00 NOTE

Check Details

Version: 0.1.3
Check: installed package size
Result: NOTE
     installed size is 26.5Mb
     sub-directories of 1Mb or more:
     libs 26.0Mb
Flavors: r-devel-linux-x86_64-fedora-clang, r-devel-windows-ix86+x86_64, r-release-osx-x86_64, r-release-windows-ix86+x86_64, r-oldrel-osx-x86_64, r-oldrel-windows-ix86+x86_64