CRAN Package Check Results for Package MLID

Last updated on 2024-07-14 09:51:17 CEST.

Flavor Version Tinstall Tcheck Ttotal Status Flags
r-devel-linux-x86_64-debian-clang 1.0.1 8.01 110.41 118.42 OK
r-devel-linux-x86_64-debian-gcc 1.0.1 6.25 83.67 89.92 OK
r-devel-linux-x86_64-fedora-clang 1.0.1 144.72 NOTE
r-devel-linux-x86_64-fedora-gcc 1.0.1 153.48 NOTE
r-devel-windows-x86_64 1.0.1 9.00 108.00 117.00 OK
r-patched-linux-x86_64 1.0.1 6.94 105.07 112.01 OK
r-release-linux-x86_64 1.0.1 6.35 107.45 113.80 OK
r-release-macos-arm64 1.0.1 69.00 OK
r-release-macos-x86_64 1.0.1 96.00 OK
r-release-windows-x86_64 1.0.1 9.00 104.00 113.00 OK
r-oldrel-macos-arm64 1.0.1 63.00 OK
r-oldrel-macos-x86_64 1.0.1 91.00 OK
r-oldrel-windows-x86_64 1.0.1 13.00 127.00 140.00 OK

Check Details

Version: 1.0.1
Check: dependencies in R code
Result: NOTE Namespace in Imports field not imported from: ‘nlme’ All declared Imports should be used. Flavors: r-devel-linux-x86_64-fedora-clang, r-devel-linux-x86_64-fedora-gcc