Last updated on 2023-12-08 19:51:43 CET.
Flavor | Version | Tinstall | Tcheck | Ttotal | Status | Flags |
---|---|---|---|---|---|---|
r-devel-linux-x86_64-debian-clang | 1.0.1 | 7.20 | 105.02 | 112.22 | OK | |
r-devel-linux-x86_64-debian-gcc | 1.0.1 | 6.17 | 82.60 | 88.77 | OK | |
r-devel-linux-x86_64-fedora-clang | 1.0.1 | 141.73 | NOTE | |||
r-devel-linux-x86_64-fedora-gcc | 1.0.1 | 147.89 | NOTE | |||
r-devel-windows-x86_64 | 1.0.1 | 10.00 | 108.00 | 118.00 | OK | |
r-patched-linux-x86_64 | 1.0.1 | 5.53 | 106.94 | 112.47 | OK | |
r-release-linux-x86_64 | 1.0.1 | 5.63 | 105.41 | 111.04 | OK | |
r-release-macos-arm64 | 1.0.1 | 63.00 | OK | |||
r-release-macos-x86_64 | 1.0.1 | 91.00 | OK | |||
r-release-windows-x86_64 | 1.0.1 | 13.00 | 125.00 | 138.00 | OK | |
r-oldrel-macos-arm64 | 1.0.1 | 52.00 | NOTE | |||
r-oldrel-macos-x86_64 | 1.0.1 | 83.00 | NOTE | |||
r-oldrel-windows-x86_64 | 1.0.1 | 14.00 | 124.00 | 138.00 | OK |
Version: 1.0.1
Check: dependencies in R code
Result: NOTE
Namespace in Imports field not imported from: ‘nlme’
All declared Imports should be used.
Flavors: r-devel-linux-x86_64-fedora-clang, r-devel-linux-x86_64-fedora-gcc, r-oldrel-macos-arm64, r-oldrel-macos-x86_64