CRAN Package Check Results for Package MIMSunit

Last updated on 2020-10-31 20:47:27 CET.

Flavor Version Tinstall Tcheck Ttotal Status Flags
r-devel-linux-x86_64-debian-clang 0.9.2 5.29 67.35 72.64 OK
r-devel-linux-x86_64-debian-gcc 0.9.2 4.43 53.40 57.83 OK
r-devel-linux-x86_64-fedora-clang 0.9.2 93.11 OK
r-devel-linux-x86_64-fedora-gcc 0.9.2 90.90 OK
r-devel-windows-ix86+x86_64 0.9.2 12.00 95.00 107.00 OK
r-patched-linux-x86_64 0.9.2 4.72 65.78 70.50 OK
r-patched-solaris-x86 0.9.2 122.20 NOTE
r-release-linux-x86_64 0.9.2 4.12 62.49 66.61 OK
r-release-macos-x86_64 0.9.2 OK
r-release-windows-ix86+x86_64 0.9.2 7.00 86.00 93.00 OK
r-oldrel-macos-x86_64 0.9.2 OK
r-oldrel-windows-ix86+x86_64 0.9.2 8.00 69.00 77.00 OK

Check Details

Version: 0.9.2
Check: package dependencies
Result: NOTE
    Package suggested but not available for checking: ‘pkgdown’
Flavor: r-patched-solaris-x86