CRAN Package Check Results for Package MHTmult

Last updated on 2023-12-06 18:52:50 CET.

Flavor Version Tinstall Tcheck Ttotal Status Flags
r-devel-linux-x86_64-debian-clang 0.1.0 2.39 23.52 25.91 NOTE
r-devel-linux-x86_64-debian-gcc 0.1.0 1.61 18.16 19.77 NOTE
r-devel-linux-x86_64-fedora-clang 0.1.0 34.13 NOTE
r-devel-linux-x86_64-fedora-gcc 0.1.0 32.59 NOTE
r-devel-windows-x86_64 0.1.0 3.00 47.00 50.00 NOTE
r-patched-linux-x86_64 0.1.0 1.97 23.22 25.19 NOTE
r-release-linux-x86_64 0.1.0 1.91 23.04 24.95 NOTE
r-release-macos-arm64 0.1.0 15.00 NOTE
r-release-macos-x86_64 0.1.0 20.00 NOTE
r-release-windows-x86_64 0.1.0 3.00 39.00 42.00 NOTE
r-oldrel-macos-arm64 0.1.0 17.00 NOTE
r-oldrel-macos-x86_64 0.1.0 19.00 NOTE
r-oldrel-windows-x86_64 0.1.0 4.00 41.00 45.00 NOTE

Check Details

Version: 0.1.0
Check: package dependencies
Result: NOTE Package suggested but not available for checking: ‘structSSI’ Flavors: r-devel-linux-x86_64-debian-clang, r-devel-linux-x86_64-debian-gcc, r-devel-linux-x86_64-fedora-clang, r-devel-linux-x86_64-fedora-gcc, r-devel-windows-x86_64, r-patched-linux-x86_64, r-release-linux-x86_64, r-release-macos-arm64, r-release-macos-x86_64, r-release-windows-x86_64, r-oldrel-macos-arm64, r-oldrel-macos-x86_64, r-oldrel-windows-x86_64

Version: 0.1.0
Check: LazyData
Result: NOTE 'LazyData' is specified without a 'data' directory Flavors: r-devel-linux-x86_64-debian-clang, r-devel-linux-x86_64-debian-gcc, r-devel-linux-x86_64-fedora-clang, r-devel-linux-x86_64-fedora-gcc, r-devel-windows-x86_64, r-patched-linux-x86_64, r-release-linux-x86_64, r-release-macos-arm64, r-release-macos-x86_64, r-release-windows-x86_64, r-oldrel-macos-arm64, r-oldrel-macos-x86_64, r-oldrel-windows-x86_64