CRAN Package Check Results for Package MHTdiscrete

Last updated on 2023-12-06 18:52:50 CET.

Flavor Version Tinstall Tcheck Ttotal Status Flags
r-devel-linux-x86_64-debian-clang 1.0.1 2.18 26.30 28.48 NOTE
r-devel-linux-x86_64-debian-gcc 1.0.1 2.19 20.86 23.05 NOTE
r-devel-linux-x86_64-fedora-clang 1.0.1 36.52 NOTE
r-devel-linux-x86_64-fedora-gcc 1.0.1 34.68 NOTE
r-devel-windows-x86_64 1.0.1 3.00 48.00 51.00 NOTE
r-patched-linux-x86_64 1.0.1 3.11 26.49 29.60 NOTE
r-release-linux-x86_64 1.0.1 2.53 25.98 28.51 NOTE
r-release-macos-arm64 1.0.1 16.00 NOTE
r-release-macos-x86_64 1.0.1 24.00 NOTE
r-release-windows-x86_64 1.0.1 4.00 45.00 49.00 NOTE
r-oldrel-macos-arm64 1.0.1 20.00 NOTE
r-oldrel-macos-x86_64 1.0.1 22.00 NOTE
r-oldrel-windows-x86_64 1.0.1 6.00 51.00 57.00 NOTE

Check Details

Version: 1.0.1
Check: LazyData
Result: NOTE 'LazyData' is specified without a 'data' directory Flavors: r-devel-linux-x86_64-debian-clang, r-devel-linux-x86_64-debian-gcc, r-devel-linux-x86_64-fedora-clang, r-devel-linux-x86_64-fedora-gcc, r-devel-windows-x86_64, r-patched-linux-x86_64, r-release-linux-x86_64, r-release-macos-arm64, r-release-macos-x86_64, r-release-windows-x86_64, r-oldrel-macos-arm64, r-oldrel-macos-x86_64, r-oldrel-windows-x86_64