CRAN Package Check Results for Package MGLM

Last updated on 2019-09-20 15:47:06 CEST.

Flavor Version Tinstall Tcheck Ttotal Status Flags
r-devel-linux-x86_64-debian-clang 0.2.0 7.26 119.71 126.97 NOTE
r-devel-linux-x86_64-debian-gcc 0.2.0 6.39 86.66 93.05 NOTE
r-devel-linux-x86_64-fedora-clang 0.2.0 147.49 OK
r-devel-linux-x86_64-fedora-gcc 0.2.0 144.41 OK
r-devel-windows-ix86+x86_64 0.2.0 20.00 173.00 193.00 NOTE
r-patched-linux-x86_64 0.2.0 7.25 114.64 121.89 OK
r-patched-solaris-x86 0.2.0 189.70 OK
r-release-linux-x86_64 0.2.0 7.03 117.90 124.93 OK
r-release-windows-ix86+x86_64 0.2.0 13.00 130.00 143.00 OK
r-release-osx-x86_64 0.2.0 OK
r-oldrel-windows-ix86+x86_64 0.2.0 9.00 129.00 138.00 OK
r-oldrel-osx-x86_64 0.2.0 OK

Check Details

Version: 0.2.0
Check: package vignettes
Result: NOTE
    Package vignette with placeholder title 'Vignette Title':
     'mglm_vignette.rmd'
Flavors: r-devel-linux-x86_64-debian-clang, r-devel-linux-x86_64-debian-gcc, r-devel-windows-ix86+x86_64