CRAN Package Check Results for Package MGLM

Last updated on 2020-02-26 11:48:03 CET.

Flavor Version Tinstall Tcheck Ttotal Status Flags
r-devel-linux-x86_64-debian-clang 0.2.0 8.38 134.73 143.11 NOTE
r-devel-linux-x86_64-debian-gcc 0.2.0 6.73 94.79 101.52 NOTE
r-devel-linux-x86_64-fedora-clang 0.2.0 170.41 OK
r-devel-linux-x86_64-fedora-gcc 0.2.0 157.60 OK
r-devel-windows-ix86+x86_64 0.2.0 16.00 145.00 161.00 NOTE
r-devel-windows-ix86+x86_64-gcc8 0.2.0 17.00 149.00 166.00 NOTE
r-patched-linux-x86_64 0.2.0 6.66 116.53 123.19 OK
r-patched-solaris-x86 0.2.0 191.60 OK
r-release-linux-x86_64 0.2.0 6.46 116.76 123.22 OK
r-release-windows-ix86+x86_64 0.2.0 11.00 120.00 131.00 OK
r-release-osx-x86_64 0.2.0 OK
r-oldrel-windows-ix86+x86_64 0.2.0 14.00 143.00 157.00 OK
r-oldrel-osx-x86_64 0.2.0 OK

Check Details

Version: 0.2.0
Check: package vignettes
Result: NOTE
    Package vignette with placeholder title 'Vignette Title':
     'mglm_vignette.rmd'
Flavors: r-devel-linux-x86_64-debian-clang, r-devel-linux-x86_64-debian-gcc, r-devel-windows-ix86+x86_64, r-devel-windows-ix86+x86_64-gcc8