CRAN Package Check Results for Package MEPDF

Last updated on 2024-06-18 17:49:12 CEST.

Flavor Version Tinstall Tcheck Ttotal Status Flags
r-devel-linux-x86_64-debian-clang 3.0 3.41 30.05 33.46 NOTE
r-devel-linux-x86_64-debian-gcc 3.0 2.19 23.55 25.74 NOTE
r-devel-linux-x86_64-fedora-clang 3.0 41.88 NOTE
r-devel-linux-x86_64-fedora-gcc 3.0 40.02 NOTE
r-devel-windows-x86_64 3.0 3.00 44.00 47.00 NOTE
r-patched-linux-x86_64 3.0 2.70 29.61 32.31 NOTE
r-release-linux-x86_64 3.0 3.02 29.18 32.20 NOTE
r-release-macos-arm64 3.0 16.00 NOTE
r-release-macos-x86_64 3.0 24.00 NOTE
r-release-windows-x86_64 3.0 3.00 44.00 47.00 NOTE
r-oldrel-macos-arm64 3.0 17.00 NOTE
r-oldrel-macos-x86_64 3.0 24.00 NOTE
r-oldrel-windows-x86_64 3.0 4.00 49.00 53.00 NOTE

Check Details

Version: 3.0
Check: LazyData
Result: NOTE 'LazyData' is specified without a 'data' directory Flavors: r-devel-linux-x86_64-debian-clang, r-devel-linux-x86_64-debian-gcc, r-devel-linux-x86_64-fedora-clang, r-devel-linux-x86_64-fedora-gcc, r-devel-windows-x86_64, r-patched-linux-x86_64, r-release-linux-x86_64, r-release-macos-arm64, r-release-macos-x86_64, r-release-windows-x86_64, r-oldrel-macos-arm64, r-oldrel-macos-x86_64, r-oldrel-windows-x86_64