Last updated on 2023-03-20 10:57:17 CET.
Flavor | Version | Tinstall | Tcheck | Ttotal | Status | Flags |
---|---|---|---|---|---|---|
r-devel-linux-x86_64-debian-clang | 0.9-3 | NOTE | ||||
r-devel-linux-x86_64-debian-gcc | 0.9-3 | 6.14 | 39.03 | 45.17 | NOTE | |
r-devel-linux-x86_64-fedora-clang | 0.9-3 | 74.27 | NOTE | |||
r-devel-linux-x86_64-fedora-gcc | 0.9-3 | 76.14 | NOTE | |||
r-devel-windows-x86_64 | 0.9-3 | 25.00 | 102.00 | 127.00 | NOTE | |
r-patched-linux-x86_64 | 0.9-3 | 7.13 | 47.22 | 54.35 | OK | |
r-release-linux-x86_64 | 0.9-3 | 5.58 | 46.96 | 52.54 | OK | |
r-release-macos-arm64 | 0.9-3 | 24.00 | OK | |||
r-release-macos-x86_64 | 0.9-3 | 39.00 | OK | |||
r-release-windows-x86_64 | 0.9-3 | 11.00 | 98.00 | 109.00 | OK | |
r-oldrel-macos-arm64 | 0.9-3 | 26.00 | OK | |||
r-oldrel-macos-x86_64 | 0.9-3 | 36.00 | OK | |||
r-oldrel-windows-ix86+x86_64 | 0.9-3 | 18.00 | 84.00 | 102.00 | OK |
Version: 0.9-3
Check: Rd files
Result: NOTE
checkRd: (-1) Soybean.Rd:15: Escaped LaTeX specials: \#
checkRd: (-1) Soybean.Rd:33: Escaped LaTeX specials: \#
Flavors: r-devel-linux-x86_64-debian-clang, r-devel-linux-x86_64-debian-gcc, r-devel-linux-x86_64-fedora-clang, r-devel-linux-x86_64-fedora-gcc, r-devel-windows-x86_64