CRAN Package Check Results for Package MDplot

Last updated on 2022-08-16 04:53:42 CEST.

Flavor Version Tinstall Tcheck Ttotal Status Flags
r-devel-linux-x86_64-debian-clang 1.0.1 7.96 74.62 82.58 OK
r-devel-linux-x86_64-debian-gcc 1.0.1 5.59 54.25 59.84 OK
r-devel-linux-x86_64-fedora-clang 1.0.1 105.35 NOTE
r-devel-linux-x86_64-fedora-gcc 1.0.1 101.42 OK
r-devel-windows-x86_64 1.0.1 56.00 105.00 161.00 NOTE
r-patched-linux-x86_64 1.0.1 9.80 69.95 79.75 OK
r-release-linux-x86_64 1.0.1 5.15 69.71 74.86 OK
r-release-macos-arm64 1.0.1 32.00 NOTE
r-release-macos-x86_64 1.0.1 48.00 NOTE
r-release-windows-x86_64 1.0.1 47.00 94.00 141.00 NOTE
r-oldrel-macos-arm64 1.0.1 40.00 NOTE
r-oldrel-macos-x86_64 1.0.1 66.00 NOTE
r-oldrel-windows-ix86+x86_64 1.0.1 15.00 92.00 107.00 NOTE

Check Details

Version: 1.0.1
Check: installed package size
Result: NOTE
     installed size is 7.6Mb
     sub-directories of 1Mb or more:
     doc 1.9Mb
     extdata 5.3Mb
Flavors: r-devel-linux-x86_64-fedora-clang, r-devel-windows-x86_64, r-release-macos-arm64, r-release-macos-x86_64, r-release-windows-x86_64, r-oldrel-macos-arm64, r-oldrel-macos-x86_64, r-oldrel-windows-ix86+x86_64