Last updated on 2023-06-05 19:54:54 CEST.
Flavor | Version | Tinstall | Tcheck | Ttotal | Status | Flags |
---|---|---|---|---|---|---|
r-devel-linux-x86_64-debian-clang | 1.6-3 | 983.58 | 161.15 | 1144.73 | NOTE | |
r-devel-linux-x86_64-debian-gcc | 1.6-3 | 369.01 | 121.73 | 490.74 | WARN | |
r-devel-linux-x86_64-fedora-clang | 1.6-3 | 1190.71 | NOTE | |||
r-devel-linux-x86_64-fedora-gcc | 1.6-3 | 870.76 | NOTE | |||
r-devel-windows-x86_64 | 1.6-3 | 292.00 | 171.00 | 463.00 | WARN | |
r-patched-linux-x86_64 | 1.6-3 | 385.36 | 154.72 | 540.08 | NOTE | |
r-release-linux-x86_64 | 1.6-3 | 389.41 | 156.84 | 546.25 | NOTE | |
r-release-macos-arm64 | 1.6-3 | 255.00 | NOTE | |||
r-release-macos-x86_64 | 1.6-3 | 479.00 | NOTE | |||
r-release-windows-x86_64 | 1.6-3 | 374.00 | 218.00 | 592.00 | WARN | |
r-oldrel-macos-arm64 | 1.6-3 | 267.00 | NOTE | |||
r-oldrel-macos-x86_64 | 1.6-3 | 282.00 | NOTE | |||
r-oldrel-windows-x86_64 | 1.6-3 | 353.00 | 169.00 | 522.00 | OK |
Version: 1.6-3
Check: C++ specification
Result: NOTE
Specified C++11: please drop specification unless essential
Flavors: r-devel-linux-x86_64-debian-clang, r-devel-linux-x86_64-debian-gcc, r-devel-linux-x86_64-fedora-clang, r-devel-linux-x86_64-fedora-gcc, r-devel-windows-x86_64, r-patched-linux-x86_64, r-release-linux-x86_64, r-release-macos-arm64, r-release-macos-x86_64, r-release-windows-x86_64
Version: 1.6-3
Check: whether package can be installed
Result: WARN
Found the following significant warnings:
datablock.h:124:42: warning: pointer used after ‘void operator delete(void*)’ [-Wuse-after-free]
See ‘/home/hornik/tmp/R.check/r-devel-gcc/Work/PKGS/MCMCpack.Rcheck/00install.out’ for details.
* used C compiler: ‘gcc-12 (Debian 12.2.0-14) 12.2.0’
* used C++ compiler: ‘g++-12 (Debian 12.2.0-14) 12.2.0’
Flavor: r-devel-linux-x86_64-debian-gcc
Version: 1.6-3
Check: installed package size
Result: NOTE
installed size is 6.9Mb
sub-directories of 1Mb or more:
libs 5.7Mb
Flavors: r-devel-linux-x86_64-fedora-clang, r-release-macos-arm64, r-release-macos-x86_64, r-oldrel-macos-arm64, r-oldrel-macos-x86_64
Version: 1.6-3
Check: whether package can be installed
Result: WARN
Found the following significant warnings:
datablock.h:124:42: warning: pointer used after 'void operator delete(void*)' [-Wuse-after-free]
See 'd:/Rcompile/CRANpkg/local/4.4/MCMCpack.Rcheck/00install.out' for details.
* used C compiler: 'gcc.exe (GCC) 12.2.0'
* used C++ compiler: 'g++.exe (GCC) 12.2.0'
Flavor: r-devel-windows-x86_64
Version: 1.6-3
Check: whether package can be installed
Result: WARN
Found the following significant warnings:
datablock.h:124:42: warning: pointer used after 'void operator delete(void*)' [-Wuse-after-free]
See 'd:/Rcompile/CRANpkg/local/4.3/MCMCpack.Rcheck/00install.out' for details.
* used C compiler: 'gcc.exe (GCC) 12.2.0'
* used C++ compiler: 'g++.exe (GCC) 12.2.0'
Flavor: r-release-windows-x86_64