Last updated on 2022-05-23 16:54:01 CEST.
Flavor | Version | Tinstall | Tcheck | Ttotal | Status | Flags |
---|---|---|---|---|---|---|
r-devel-linux-x86_64-debian-clang | 2.33 | 56.54 | 126.48 | 183.02 | NOTE | |
r-devel-linux-x86_64-debian-gcc | 2.33 | 44.93 | 93.13 | 138.06 | NOTE | |
r-devel-linux-x86_64-fedora-clang | 2.33 | 222.95 | NOTE | |||
r-devel-linux-x86_64-fedora-gcc | 2.33 | 208.18 | NOTE | |||
r-devel-windows-x86_64 | 2.33 | 140.00 | 155.00 | 295.00 | NOTE | |
r-patched-linux-x86_64 | 2.33 | 46.06 | 118.49 | 164.55 | OK | |
r-release-linux-x86_64 | 2.33 | OK | ||||
r-release-macos-arm64 | 2.33 | 60.00 | OK | |||
r-release-macos-x86_64 | 2.33 | 82.00 | OK | |||
r-release-windows-x86_64 | 2.33 | 130.00 | 150.00 | 280.00 | OK | |
r-oldrel-macos-arm64 | 2.33 | 47.00 | OK | |||
r-oldrel-macos-x86_64 | 2.33 | 78.00 | OK | |||
r-oldrel-windows-ix86+x86_64 | 2.33 | 174.00 | 175.00 | 349.00 | OK |
Version: 2.33
Check: Rd files
Result: NOTE
checkRd: (7) Ddivergence.Rd:14: \item in \value must have non-empty label
checkRd: (7) KPPM.Rd:15: \item in \value must have non-empty label
checkRd: (7) Ptensor.Rd:13: \item in \value must have non-empty label
checkRd: (7) Tri2M.Rd:23: \item in \value must have non-empty label
checkRd: (7) commutation.Rd:15: \item in \value must have non-empty label
checkRd: (7) knorm.Rd:15: \item in \value must have non-empty label
checkRd: (7) pkk.Rd:15: \item in \value must have non-empty label
Flavors: r-devel-linux-x86_64-debian-clang, r-devel-linux-x86_64-debian-gcc, r-devel-linux-x86_64-fedora-clang, r-devel-linux-x86_64-fedora-gcc, r-devel-windows-x86_64
Version: 2.33
Check: HTML version of manual
Result: NOTE
Found the following problems:
Ddivergence.Rd:53:38: Warning: trimming empty <code>
KPPM.Rd:50:38: Warning: trimming empty <code>
Ptensor.Rd:49:38: Warning: trimming empty <code>
Tri2M.Rd:64:38: Warning: trimming empty <code>
commutation.Rd:50:38: Warning: trimming empty <code>
knorm.Rd:50:38: Warning: trimming empty <code>
pkk.Rd:50:38: Warning: trimming empty <code>
Flavors: r-devel-linux-x86_64-debian-clang, r-devel-linux-x86_64-debian-gcc
Version: 2.33
Check: Rd cross-references
Result: NOTE
Undeclared packages ‘MCMCpack’, ‘bayesm’, ‘msm’ in Rd xrefs
Flavor: r-devel-linux-x86_64-fedora-clang