CRAN Package Check Results for Package MCMCglmm

Last updated on 2021-12-08 15:50:49 CET.

Flavor Version Tinstall Tcheck Ttotal Status Flags
r-devel-linux-x86_64-debian-clang 2.32 46.95 146.77 193.72 OK
r-devel-linux-x86_64-debian-gcc 2.32 35.10 111.81 146.91 OK
r-devel-linux-x86_64-fedora-clang 2.32 256.09 NOTE
r-devel-linux-x86_64-fedora-gcc 2.32 229.56 OK
r-devel-windows-x86_64-new-UL 2.32 134.00 263.00 397.00 OK
r-devel-windows-x86_64-new-TK 2.32 OK
r-devel-windows-x86_64-old 2.32 87.00 180.00 267.00 OK
r-patched-linux-x86_64 2.32 43.82 140.95 184.77 OK
r-release-linux-x86_64 2.32 44.66 140.58 185.24 OK
r-release-macos-arm64 2.32 OK
r-release-macos-x86_64 2.32 OK
r-release-windows-ix86+x86_64 2.32 123.00 203.00 326.00 NOTE
r-oldrel-macos-x86_64 2.32 OK
r-oldrel-windows-ix86+x86_64 2.32 163.00 216.00 379.00 NOTE

Check Details

Version: 2.32
Check: Rd cross-references
Result: NOTE
    Undeclared packages ‘MCMCpack’, ‘bayesm’, ‘msm’ in Rd xrefs
Flavor: r-devel-linux-x86_64-fedora-clang

Version: 2.32
Check: installed package size
Result: NOTE
     installed size is 5.9Mb
     sub-directories of 1Mb or more:
     doc 3.3Mb
     libs 2.1Mb
Flavors: r-release-windows-ix86+x86_64, r-oldrel-windows-ix86+x86_64