CRAN Package Check Results for Package MCDA

Last updated on 2018-05-21 21:48:04 CEST.

Flavor Version Tinstall Tcheck Ttotal Status Flags
r-devel-linux-x86_64-debian-clang 0.0.19 12.94 155.55 168.49 OK
r-devel-linux-x86_64-debian-gcc 0.0.19 9.25 130.11 139.36 OK
r-devel-linux-x86_64-fedora-clang 0.0.19 215.97 NOTE
r-devel-linux-x86_64-fedora-gcc 0.0.19 210.23 NOTE
r-devel-windows-ix86+x86_64 0.0.19 23.00 227.00 250.00 NOTE
r-patched-linux-x86_64 0.0.19 10.81 168.87 179.68 OK
r-patched-solaris-x86 0.0.19 270.70 NOTE
r-release-linux-x86_64 0.0.19 12.74 165.70 178.44 OK
r-release-windows-ix86+x86_64 0.0.19 24.00 318.00 342.00 NOTE
r-release-osx-x86_64 0.0.19 ERROR
r-oldrel-windows-ix86+x86_64 0.0.19 5.00 224.00 229.00 NOTE
r-oldrel-osx-x86_64 0.0.19 ERROR

Check Details

Version: 0.0.19
Check: package dependencies
Result: NOTE
    Package suggested but not available for checking: ‘cplexAPI’
Flavors: r-devel-linux-x86_64-fedora-clang, r-devel-linux-x86_64-fedora-gcc, r-devel-windows-ix86+x86_64, r-patched-solaris-x86, r-release-windows-ix86+x86_64, r-oldrel-windows-ix86+x86_64

Version: 0.0.19
Check: package dependencies
Result: ERROR
    Packages required but not available: ‘Rglpk’ ‘glpkAPI’
    
    Package suggested but not available for checking: ‘cplexAPI’
    
    See section ‘The DESCRIPTION file’ in the ‘Writing R Extensions’
    manual.
Flavors: r-release-osx-x86_64, r-oldrel-osx-x86_64