CRAN Package Check Results for Package MCDA

Last updated on 2018-08-22 02:48:30 CEST.

Flavor Version Tinstall Tcheck Ttotal Status Flags
r-devel-linux-x86_64-debian-clang 0.0.19 10.53 167.15 177.68 OK
r-devel-linux-x86_64-debian-gcc 0.0.19 7.87 130.82 138.69 OK
r-devel-linux-x86_64-fedora-clang 0.0.19 207.37 NOTE
r-devel-linux-x86_64-fedora-gcc 0.0.19 204.97 NOTE
r-devel-windows-ix86+x86_64 0.0.19 23.00 291.00 314.00 NOTE
r-patched-linux-x86_64 0.0.19 10.71 169.50 180.21 OK
r-patched-solaris-x86 0.0.19 271.00 NOTE
r-release-linux-x86_64 0.0.19 12.69 169.00 181.69 OK
r-release-windows-ix86+x86_64 0.0.19 24.00 318.00 342.00 NOTE
r-release-osx-x86_64 0.0.19 NOTE
r-oldrel-windows-ix86+x86_64 0.0.19 5.00 224.00 229.00 NOTE
r-oldrel-osx-x86_64 0.0.19 NOTE

Check Details

Version: 0.0.19
Check: package dependencies
Result: NOTE
    Package suggested but not available for checking: ‘cplexAPI’
Flavors: r-devel-linux-x86_64-fedora-clang, r-devel-linux-x86_64-fedora-gcc, r-devel-windows-ix86+x86_64, r-patched-solaris-x86, r-release-windows-ix86+x86_64, r-release-osx-x86_64, r-oldrel-windows-ix86+x86_64, r-oldrel-osx-x86_64