CRAN Package Check Results for Package MCDA

Last updated on 2019-01-21 12:47:54 CET.

Flavor Version Tinstall Tcheck Ttotal Status Flags
r-devel-linux-x86_64-debian-clang 0.0.19 14.84 173.89 188.73 OK
r-devel-linux-x86_64-debian-gcc 0.0.19 10.87 132.57 143.44 OK
r-devel-linux-x86_64-fedora-clang 0.0.19 214.84 NOTE
r-devel-linux-x86_64-fedora-gcc 0.0.19 206.66 NOTE
r-devel-windows-ix86+x86_64 0.0.19 17.00 228.00 245.00 NOTE
r-patched-linux-x86_64 0.0.19 11.88 168.22 180.10 OK
r-patched-solaris-x86 0.0.19 275.20 NOTE
r-release-linux-x86_64 0.0.19 10.67 168.24 178.91 OK
r-release-windows-ix86+x86_64 0.0.19 17.00 229.00 246.00 NOTE
r-release-osx-x86_64 0.0.19 NOTE
r-oldrel-windows-ix86+x86_64 0.0.19 6.00 232.00 238.00 NOTE
r-oldrel-osx-x86_64 0.0.19 NOTE

Check Details

Version: 0.0.19
Check: package dependencies
Result: NOTE
    Package suggested but not available for checking: ‘cplexAPI’
Flavors: r-devel-linux-x86_64-fedora-clang, r-devel-linux-x86_64-fedora-gcc, r-devel-windows-ix86+x86_64, r-patched-solaris-x86, r-release-windows-ix86+x86_64, r-release-osx-x86_64, r-oldrel-windows-ix86+x86_64, r-oldrel-osx-x86_64