CRAN Package Check Results for Package MCDA

Last updated on 2018-10-16 00:50:18 CEST.

Flavor Version Tinstall Tcheck Ttotal Status Flags
r-devel-linux-x86_64-debian-clang 0.0.19 9.14 166.17 175.31 OK
r-devel-linux-x86_64-debian-gcc 0.0.19 7.50 131.31 138.81 OK
r-devel-linux-x86_64-fedora-clang 0.0.19 206.95 NOTE
r-devel-linux-x86_64-fedora-gcc 0.0.19 207.58 NOTE
r-devel-windows-ix86+x86_64 0.0.19 23.00 335.00 358.00 NOTE
r-patched-linux-x86_64 0.0.19 11.64 168.53 180.17 OK
r-patched-solaris-x86 0.0.19 265.00 NOTE
r-release-linux-x86_64 0.0.19 9.88 167.29 177.17 OK
r-release-windows-ix86+x86_64 0.0.19 15.00 225.00 240.00 NOTE
r-release-osx-x86_64 0.0.19 NOTE
r-oldrel-windows-ix86+x86_64 0.0.19 14.00 230.00 244.00 NOTE
r-oldrel-osx-x86_64 0.0.19 NOTE

Check Details

Version: 0.0.19
Check: package dependencies
Result: NOTE
    Package suggested but not available for checking: ‘cplexAPI’
Flavors: r-devel-linux-x86_64-fedora-clang, r-devel-linux-x86_64-fedora-gcc, r-devel-windows-ix86+x86_64, r-patched-solaris-x86, r-release-windows-ix86+x86_64, r-release-osx-x86_64, r-oldrel-windows-ix86+x86_64, r-oldrel-osx-x86_64