CRAN Package Check Results for Package MCAvariants

Last updated on 2024-06-18 15:49:27 CEST.

Flavor Version Tinstall Tcheck Ttotal Status Flags
r-devel-linux-x86_64-debian-clang 2.6.1 9.75 69.30 79.05 NOTE
r-devel-linux-x86_64-debian-gcc 2.6.1 6.53 52.97 59.50 NOTE
r-devel-linux-x86_64-fedora-clang 2.6.1 100.22 NOTE
r-devel-linux-x86_64-fedora-gcc 2.6.1 91.36 NOTE
r-devel-windows-x86_64 2.6.1 8.00 70.00 78.00 NOTE
r-patched-linux-x86_64 2.6.1 6.55 67.92 74.47 NOTE
r-release-linux-x86_64 2.6.1 5.08 65.84 70.92 NOTE
r-release-macos-arm64 2.6.1 29.00 NOTE
r-release-macos-x86_64 2.6.1 46.00 NOTE
r-release-windows-x86_64 2.6.1 9.00 71.00 80.00 NOTE
r-oldrel-macos-arm64 2.6.1 28.00 OK
r-oldrel-macos-x86_64 2.6.1 52.00 OK
r-oldrel-windows-x86_64 2.6.1 10.00 83.00 93.00 OK

Check Details

Version: 2.6.1
Check: Rd files
Result: NOTE checkRd: (-1) satisfaction.Rd:28: Lost braces 28 | Della Valle E (2010) Della Valle E 2010 Analisi Multidimensionale dei Dati: la Qualit\'{a} del Lavoro nelle Cooperative Sociali. | ^ checkRd: (-1) satisfaction.Rd:29: Lost braces 29 | Unpublished thesis, Seconda Universit\'{a} degli Studi di Napoli, Capua Italy. | ^ Flavors: r-devel-linux-x86_64-debian-clang, r-devel-linux-x86_64-debian-gcc, r-devel-linux-x86_64-fedora-clang, r-devel-linux-x86_64-fedora-gcc, r-devel-windows-x86_64, r-patched-linux-x86_64, r-release-linux-x86_64, r-release-macos-arm64, r-release-macos-x86_64, r-release-windows-x86_64