Last updated on 2023-06-03 21:55:46 CEST.
Flavor | Version | Tinstall | Tcheck | Ttotal | Status | Flags |
---|---|---|---|---|---|---|
r-devel-linux-x86_64-debian-clang | 0.1.0 | 32.78 | 221.75 | 254.53 | OK | |
r-devel-linux-x86_64-debian-gcc | 0.1.0 | 25.77 | 192.46 | 218.23 | OK | |
r-devel-linux-x86_64-fedora-clang | 0.1.0 | 304.68 | OK | |||
r-devel-linux-x86_64-fedora-gcc | 0.1.0 | 477.43 | OK | |||
r-devel-windows-x86_64 | 0.1.0 | 29.00 | 151.00 | 180.00 | OK | |
r-patched-linux-x86_64 | 0.1.0 | OK | ||||
r-release-linux-x86_64 | 0.1.0 | 22.41 | 214.91 | 237.32 | OK | |
r-release-macos-arm64 | 0.1.0 | 132.00 | OK | |||
r-release-macos-x86_64 | 0.1.0 | 227.00 | NOTE | |||
r-release-windows-x86_64 | 0.1.0 | 39.00 | 202.00 | 241.00 | OK | |
r-oldrel-macos-arm64 | 0.1.0 | 143.00 | OK | |||
r-oldrel-macos-x86_64 | 0.1.0 | 164.00 | OK | |||
r-oldrel-windows-x86_64 | 0.1.0 | 39.00 | 192.00 | 231.00 | OK |
Version: 0.1.0
Check: installed package size
Result: NOTE
installed size is 5.1Mb
sub-directories of 1Mb or more:
R 1.1Mb
data 3.9Mb
Flavor: r-release-macos-x86_64