Last updated on 2023-12-09 04:50:58 CET.
Flavor | Version | Tinstall | Tcheck | Ttotal | Status | Flags |
---|---|---|---|---|---|---|
r-devel-linux-x86_64-debian-clang | 2.3.15 | 27.07 | 304.43 | 331.50 | NOTE | |
r-devel-linux-x86_64-debian-gcc | 2.3.15 | 22.44 | 227.15 | 249.59 | NOTE | |
r-devel-linux-x86_64-fedora-clang | 2.3.15 | 411.03 | NOTE | |||
r-devel-linux-x86_64-fedora-gcc | 2.3.15 | 412.59 | OK | |||
r-devel-windows-x86_64 | 2.3.15 | 23.00 | 212.00 | 235.00 | OK | |
r-patched-linux-x86_64 | 2.3.15 | 27.24 | 298.60 | 325.84 | OK | |
r-release-linux-x86_64 | 2.3.15 | 27.45 | 296.33 | 323.78 | OK | |
r-release-macos-arm64 | 2.3.15 | 117.00 | OK | |||
r-release-macos-x86_64 | 2.3.15 | 321.00 | OK | |||
r-release-windows-x86_64 | 2.3.15 | 31.00 | 269.00 | 300.00 | OK | |
r-oldrel-macos-arm64 | 2.3.15 | 97.00 | OK | |||
r-oldrel-macos-x86_64 | 2.3.15 | 1572.00 | OK | |||
r-oldrel-windows-x86_64 | 2.3.15 | 31.00 | 259.00 | 290.00 | OK |
Version: 2.3.15
Check: Rd files
Result: NOTE
checkRd: (-1) findDescendingTrans.Rd:29: Lost braces
29 | Foster, S.D., Hosack, G.R., J. Monk, Lawrence, E., Barrett, N.S., Williams, A. and Przeslawski, P. (2020) Spatially-Balanced Designs for Transect-Based Surveys. Methods in Ecology and Evolution. emph{11}: 95--105
| ^
Flavors: r-devel-linux-x86_64-debian-clang, r-devel-linux-x86_64-debian-gcc
Version: 2.3.15
Check: Rd cross-references
Result: NOTE
Undeclared package ‘raster’ in Rd xrefs
Flavor: r-devel-linux-x86_64-fedora-clang