CRAN Package Check Results for Package MAP

Last updated on 2023-06-09 18:52:03 CEST.

Flavor Version Tinstall Tcheck Ttotal Status Flags
r-devel-linux-x86_64-debian-clang 0.1.3 8.75 85.04 93.79 NOTE
r-devel-linux-x86_64-debian-gcc 0.1.3 8.51 64.18 72.69 NOTE
r-devel-linux-x86_64-fedora-clang 0.1.3 115.06 NOTE
r-devel-linux-x86_64-fedora-gcc 0.1.3 116.97 NOTE
r-devel-windows-x86_64 0.1.3 9.00 72.00 81.00 NOTE
r-patched-linux-x86_64 0.1.3 7.65 80.71 88.36 NOTE
r-release-linux-x86_64 0.1.3 9.26 80.61 89.87 NOTE
r-release-macos-arm64 0.1.3 36.00 NOTE
r-release-macos-x86_64 0.1.3 58.00 NOTE
r-release-windows-x86_64 0.1.3 11.00 88.00 99.00 NOTE
r-oldrel-macos-arm64 0.1.3 36.00 NOTE
r-oldrel-macos-x86_64 0.1.3 45.00 NOTE
r-oldrel-windows-x86_64 0.1.3 12.00 89.00 101.00 NOTE

Check Details

Version: 0.1.3
Check: LazyData
Result: NOTE
     'LazyData' is specified without a 'data' directory
Flavors: r-devel-linux-x86_64-debian-clang, r-devel-linux-x86_64-debian-gcc, r-devel-linux-x86_64-fedora-clang, r-devel-linux-x86_64-fedora-gcc, r-devel-windows-x86_64, r-patched-linux-x86_64, r-release-linux-x86_64, r-release-macos-arm64, r-release-macos-x86_64, r-release-windows-x86_64, r-oldrel-macos-arm64, r-oldrel-macos-x86_64, r-oldrel-windows-x86_64