CRAN Package Check Results for Package MANOVA.RM

Last updated on 2019-08-26 05:46:54 CEST.

Flavor Version Tinstall Tcheck Ttotal Status Flags
r-devel-linux-x86_64-debian-clang 0.3.2 8.87 78.05 86.92 OK
r-devel-linux-x86_64-debian-gcc 0.3.2 8.62 61.65 70.27 OK
r-devel-linux-x86_64-fedora-clang 0.3.2 107.45 OK
r-devel-linux-x86_64-fedora-gcc 0.3.2 106.44 OK
r-devel-windows-ix86+x86_64 0.3.2 26.00 350.00 376.00 OK
r-patched-linux-x86_64 0.3.2 10.58 77.91 88.49 OK
r-patched-solaris-x86 0.3.2 502.00 OK
r-release-linux-x86_64 0.3.2 7.66 77.38 85.04 OK
r-release-windows-ix86+x86_64 0.3.2 26.00 360.00 386.00 OK
r-release-osx-x86_64 0.3.2 NOTE
r-oldrel-windows-ix86+x86_64 0.3.2 16.00 379.00 395.00 OK
r-oldrel-osx-x86_64 0.3.2 NOTE

Check Details

Version: 0.3.2
Check: package dependencies
Result: NOTE
    Package suggested but not available for checking: ‘RGtk2’
Flavors: r-release-osx-x86_64, r-oldrel-osx-x86_64