CRAN Package Check Results for Package MAINT.Data

Last updated on 2021-12-08 09:53:34 CET.

Flavor Version Tinstall Tcheck Ttotal Status Flags
r-devel-linux-x86_64-debian-clang 2.6.2 216.93 166.68 383.61 OK
r-devel-linux-x86_64-debian-gcc 2.6.2 169.59 123.18 292.77 OK
r-devel-linux-x86_64-fedora-clang 2.6.2 552.06 NOTE
r-devel-linux-x86_64-fedora-gcc 2.6.2 508.20 OK
r-devel-windows-x86_64-new-UL 2.6.2 301.00 221.00 522.00 NOTE
r-devel-windows-x86_64-new-TK 2.6.2 OK
r-devel-windows-x86_64-old 2.6.2 305.00 196.00 501.00 NOTE
r-patched-linux-x86_64 2.6.2 198.38 158.66 357.04 OK
r-release-linux-x86_64 2.6.2 186.84 158.23 345.07 OK
r-release-macos-arm64 2.6.2 NOTE
r-release-macos-x86_64 2.6.2 NOTE
r-release-windows-ix86+x86_64 2.6.2 416.00 246.00 662.00 NOTE
r-oldrel-macos-x86_64 2.6.2 NOTE
r-oldrel-windows-ix86+x86_64 2.6.2 543.00 223.00 766.00 NOTE

Check Details

Version: 2.6.2
Check: installed package size
Result: NOTE
     installed size is 8.9Mb
     sub-directories of 1Mb or more:
     R 1.5Mb
     data 2.3Mb
     libs 4.7Mb
Flavors: r-devel-linux-x86_64-fedora-clang, r-devel-windows-x86_64-new-UL, r-devel-windows-x86_64-old, r-release-macos-arm64, r-release-macos-x86_64, r-release-windows-ix86+x86_64, r-oldrel-macos-x86_64, r-oldrel-windows-ix86+x86_64