CRAN Package Check Results for Package MAGEE

Last updated on 2021-11-26 23:50:05 CET.

Flavor Version Tinstall Tcheck Ttotal Status Flags
r-devel-linux-x86_64-debian-clang 1.0.1 93.90 280.17 374.07 OK
r-devel-linux-x86_64-debian-gcc 1.0.1 74.11 214.01 288.12 OK
r-devel-linux-x86_64-fedora-clang 1.0.1 515.13 NOTE
r-devel-linux-x86_64-fedora-gcc 1.0.1 498.47 OK
r-devel-windows-x86_64-new-UL 1.0.1 143.00 354.00 497.00 NOTE
r-devel-windows-x86_64-new-TK 1.0.1 NOTE
r-devel-windows-x86_64-old 1.0.1 100.00 320.00 420.00 NOTE
r-patched-linux-x86_64 1.0.1 85.11 269.61 354.72 OK
r-release-linux-x86_64 1.0.1 OK
r-release-macos-arm64 1.0.1 NOTE
r-release-macos-x86_64 1.0.1 NOTE
r-release-windows-ix86+x86_64 1.0.1 233.00 331.00 564.00 NOTE
r-oldrel-macos-x86_64 1.0.1 NOTE
r-oldrel-windows-ix86+x86_64 1.0.1 185.00 388.00 573.00 NOTE

Check Details

Version: 1.0.1
Check: installed package size
Result: NOTE
     installed size is 6.7Mb
     sub-directories of 1Mb or more:
     data 1.1Mb
     libs 4.6Mb
Flavors: r-devel-linux-x86_64-fedora-clang, r-release-macos-arm64, r-release-macos-x86_64, r-oldrel-macos-x86_64

Version: 1.0.1
Check: package dependencies
Result: NOTE
    Package suggested but not available for checking: 'doMC'
Flavors: r-devel-windows-x86_64-new-UL, r-devel-windows-x86_64-new-TK, r-devel-windows-x86_64-old, r-release-windows-ix86+x86_64, r-oldrel-windows-ix86+x86_64