CRAN Package Check Results for Package Luminescence

Last updated on 2019-04-22 16:54:11 CEST.

Flavor Version Tinstall Tcheck Ttotal Status Flags
r-devel-linux-x86_64-debian-clang 0.8.6 80.66 292.02 372.68 OK
r-devel-linux-x86_64-debian-gcc 0.9.0.110 71.47 230.61 302.08 OK
r-devel-linux-x86_64-fedora-clang 0.9.0.110 525.84 NOTE
r-devel-linux-x86_64-fedora-gcc 0.9.0.110 444.81 OK
r-devel-windows-ix86+x86_64 0.9.0.110 171.00 557.00 728.00 NOTE
r-patched-linux-x86_64 0.9.0.110 81.34 302.29 383.63 OK
r-patched-solaris-x86 0.9.0.110 542.10 OK
r-release-linux-x86_64 0.8.6 71.53 274.80 346.33 OK
r-release-windows-ix86+x86_64 0.9.0.110 133.00 376.00 509.00 NOTE
r-release-osx-x86_64 0.9.0.110 NOTE
r-oldrel-windows-ix86+x86_64 0.8.6 143.00 600.00 743.00 OK
r-oldrel-osx-x86_64 0.8.6 OK

Check Details

Version: 0.9.0.110
Check: installed package size
Result: NOTE
     installed size is 5.8Mb
     sub-directories of 1Mb or more:
     R 1.5Mb
     help 1.1Mb
     libs 1.5Mb
Flavors: r-devel-linux-x86_64-fedora-clang, r-devel-windows-ix86+x86_64, r-release-windows-ix86+x86_64, r-release-osx-x86_64