CRAN Package Check Results for Package LocFDRPois

Last updated on 2020-06-04 15:49:14 CEST.

Flavor Version Tinstall Tcheck Ttotal Status Flags
r-devel-linux-x86_64-debian-clang 1.0.0 4.06 37.00 41.06 NOTE
r-devel-linux-x86_64-debian-gcc 1.0.0 3.62 28.72 32.34 NOTE
r-devel-linux-x86_64-fedora-clang 1.0.0 56.86 NOTE
r-devel-linux-x86_64-fedora-gcc 1.0.0 49.86 NOTE
r-devel-windows-ix86+x86_64 1.0.0 22.00 57.00 79.00 NOTE
r-patched-linux-x86_64 1.0.0 4.22 37.12 41.34 NOTE
r-patched-solaris-x86 1.0.0 79.60 NOTE
r-release-linux-x86_64 1.0.0 4.44 36.31 40.75 NOTE
r-release-osx-x86_64 1.0.0 NOTE
r-release-windows-ix86+x86_64 1.0.0 11.00 50.00 61.00 NOTE
r-oldrel-osx-x86_64 1.0.0 NOTE
r-oldrel-windows-ix86+x86_64 1.0.0 15.00 81.00 96.00 NOTE

Check Details

Version: 1.0.0
Check: R code for possible problems
Result: NOTE
    AnalyticalOptim: no visible global function definition for 'optim'
    LLConstructor : LL: no visible global function definition for 'dpois'
    MixtureDensity: no visible global function definition for 'glm'
    MixtureDensity : f_hat: no visible global function definition for
     'predict'
    NullDensity : f0: no visible global function definition for 'dpois'
    Undefined global functions or variables:
     dpois glm optim predict
    Consider adding
     importFrom("stats", "dpois", "glm", "optim", "predict")
    to your NAMESPACE file.
Flavors: r-devel-linux-x86_64-debian-clang, r-devel-linux-x86_64-debian-gcc, r-devel-linux-x86_64-fedora-clang, r-devel-linux-x86_64-fedora-gcc, r-devel-windows-ix86+x86_64, r-patched-linux-x86_64, r-patched-solaris-x86, r-release-linux-x86_64, r-release-osx-x86_64, r-release-windows-ix86+x86_64, r-oldrel-osx-x86_64, r-oldrel-windows-ix86+x86_64