CRAN Package Check Results for Package LocFDRPois

Last updated on 2019-09-22 19:51:23 CEST.

Flavor Version Tinstall Tcheck Ttotal Status Flags
r-devel-linux-x86_64-debian-clang 1.0.0 3.98 34.33 38.31 NOTE
r-devel-linux-x86_64-debian-gcc 1.0.0 3.46 27.02 30.48 NOTE
r-devel-linux-x86_64-fedora-clang 1.0.0 47.56 NOTE
r-devel-linux-x86_64-fedora-gcc 1.0.0 45.79 NOTE
r-devel-windows-ix86+x86_64 1.0.0 24.00 68.00 92.00 NOTE
r-patched-linux-x86_64 1.0.0 3.44 33.43 36.87 NOTE
r-patched-solaris-x86 1.0.0 68.20 NOTE
r-release-linux-x86_64 1.0.0 3.80 32.98 36.78 NOTE
r-release-windows-ix86+x86_64 1.0.0 22.00 69.00 91.00 NOTE
r-release-osx-x86_64 1.0.0 NOTE
r-oldrel-windows-ix86+x86_64 1.0.0 5.00 52.00 57.00 NOTE
r-oldrel-osx-x86_64 1.0.0 NOTE

Check Details

Version: 1.0.0
Check: R code for possible problems
Result: NOTE
    AnalyticalOptim: no visible global function definition for 'optim'
    LLConstructor : LL: no visible global function definition for 'dpois'
    MixtureDensity: no visible global function definition for 'glm'
    MixtureDensity : f_hat: no visible global function definition for
     'predict'
    NullDensity : f0: no visible global function definition for 'dpois'
    Undefined global functions or variables:
     dpois glm optim predict
    Consider adding
     importFrom("stats", "dpois", "glm", "optim", "predict")
    to your NAMESPACE file.
Flavors: r-devel-linux-x86_64-debian-clang, r-devel-linux-x86_64-debian-gcc, r-devel-linux-x86_64-fedora-clang, r-devel-linux-x86_64-fedora-gcc, r-devel-windows-ix86+x86_64, r-patched-linux-x86_64, r-patched-solaris-x86, r-release-linux-x86_64, r-release-windows-ix86+x86_64, r-release-osx-x86_64, r-oldrel-windows-ix86+x86_64, r-oldrel-osx-x86_64