CRAN Package Check Results for Package LindenmayeR

Last updated on 2024-06-13 05:59:09 CEST.

Flavor Version Tinstall Tcheck Ttotal Status Flags
r-devel-linux-x86_64-debian-clang 0.1.13 3.37 34.28 37.65 OK
r-devel-linux-x86_64-debian-gcc 0.1.13 0.33 1.70 2.03 ERROR
r-devel-linux-x86_64-fedora-clang 0.1.13 47.00 OK
r-devel-linux-x86_64-fedora-gcc 0.1.13 44.89 OK
r-devel-windows-x86_64 0.1.13 4.00 47.00 51.00 OK
r-patched-linux-x86_64 0.1.13 3.34 33.79 37.13 OK
r-release-linux-x86_64 0.1.13 2.80 33.71 36.51 OK
r-release-macos-arm64 0.1.13 18.00 OK
r-release-macos-x86_64 0.1.13 27.00 OK
r-release-windows-x86_64 0.1.13 4.00 59.00 63.00 OK
r-oldrel-macos-arm64 0.1.13 18.00 OK
r-oldrel-macos-x86_64 0.1.13 27.00 OK
r-oldrel-windows-x86_64 0.1.13 5.00 51.00 56.00 OK

Check Details

Version: 0.1.13
Check: package dependencies
Result: ERROR Package required but not available: ‘stringr’ See section ‘The DESCRIPTION file’ in the ‘Writing R Extensions’ manual. Flavor: r-devel-linux-x86_64-debian-gcc