Last updated on 2023-12-09 12:49:25 CET.
Flavor | Version | Tinstall | Tcheck | Ttotal | Status | Flags |
---|---|---|---|---|---|---|
r-devel-linux-x86_64-debian-clang | 0.1.0 | 1.56 | 19.17 | 20.73 | NOTE | |
r-devel-linux-x86_64-debian-gcc | 0.1.0 | 1.64 | 15.26 | 16.90 | NOTE | |
r-devel-linux-x86_64-fedora-clang | 0.1.0 | 26.56 | NOTE | |||
r-devel-linux-x86_64-fedora-gcc | 0.1.0 | 25.39 | NOTE | |||
r-devel-windows-x86_64 | 0.1.0 | 2.00 | 35.00 | 37.00 | NOTE | |
r-patched-linux-x86_64 | 0.1.0 | 2.18 | 18.89 | 21.07 | NOTE | |
r-release-linux-x86_64 | 0.1.0 | 1.93 | 19.05 | 20.98 | NOTE | |
r-release-macos-arm64 | 0.1.0 | 14.00 | NOTE | |||
r-release-macos-x86_64 | 0.1.0 | 18.00 | NOTE | |||
r-release-windows-x86_64 | 0.1.0 | 5.00 | 34.00 | 39.00 | NOTE | |
r-oldrel-macos-arm64 | 0.1.0 | 16.00 | NOTE | |||
r-oldrel-macos-x86_64 | 0.1.0 | 19.00 | NOTE | |||
r-oldrel-windows-x86_64 | 0.1.0 | 6.00 | 42.00 | 48.00 | NOTE |
Version: 0.1.0
Check: LazyData
Result: NOTE
'LazyData' is specified without a 'data' directory
Flavors: r-devel-linux-x86_64-debian-clang, r-devel-linux-x86_64-debian-gcc, r-devel-linux-x86_64-fedora-clang, r-devel-linux-x86_64-fedora-gcc, r-devel-windows-x86_64, r-patched-linux-x86_64, r-release-linux-x86_64, r-release-macos-arm64, r-release-macos-x86_64, r-release-windows-x86_64, r-oldrel-macos-arm64, r-oldrel-macos-x86_64, r-oldrel-windows-x86_64