CRAN Package Check Results for Package LimnoPalettes

Last updated on 2023-06-09 18:52:02 CEST.

Flavor Version Tinstall Tcheck Ttotal Status Flags
r-devel-linux-x86_64-debian-clang 0.1.0 1.68 19.69 21.37 NOTE
r-devel-linux-x86_64-debian-gcc 0.1.0 1.41 15.53 16.94 NOTE
r-devel-linux-x86_64-fedora-clang 0.1.0 27.23 NOTE
r-devel-linux-x86_64-fedora-gcc 0.1.0 28.65 NOTE
r-devel-windows-x86_64 0.1.0 2.00 34.00 36.00 NOTE
r-patched-linux-x86_64 0.1.0 1.58 18.97 20.55 NOTE
r-release-linux-x86_64 0.1.0 1.76 18.52 20.28 NOTE
r-release-macos-arm64 0.1.0 14.00 NOTE
r-release-macos-x86_64 0.1.0 18.00 NOTE
r-release-windows-x86_64 0.1.0 3.00 43.00 46.00 NOTE
r-oldrel-macos-arm64 0.1.0 16.00 NOTE
r-oldrel-macos-x86_64 0.1.0 19.00 NOTE
r-oldrel-windows-x86_64 0.1.0 6.00 42.00 48.00 NOTE

Check Details

Version: 0.1.0
Check: LazyData
Result: NOTE
     'LazyData' is specified without a 'data' directory
Flavors: r-devel-linux-x86_64-debian-clang, r-devel-linux-x86_64-debian-gcc, r-devel-linux-x86_64-fedora-clang, r-devel-linux-x86_64-fedora-gcc, r-devel-windows-x86_64, r-patched-linux-x86_64, r-release-linux-x86_64, r-release-macos-arm64, r-release-macos-x86_64, r-release-windows-x86_64, r-oldrel-macos-arm64, r-oldrel-macos-x86_64, r-oldrel-windows-x86_64