CRAN Package Check Results for Package Libra

Last updated on 2022-08-14 13:51:04 CEST.

Flavor Version Tinstall Tcheck Ttotal Status Flags
r-devel-linux-x86_64-debian-clang 1.7 5.26 35.24 40.50 NOTE
r-devel-linux-x86_64-debian-gcc 1.7 4.68 27.96 32.64 NOTE
r-devel-linux-x86_64-fedora-clang 1.7 60.80 NOTE
r-devel-linux-x86_64-fedora-gcc 1.7 60.67 NOTE
r-devel-windows-x86_64 1.7 20.00 67.00 87.00 NOTE
r-patched-linux-x86_64 1.7 4.41 34.28 38.69 OK
r-release-linux-x86_64 1.7 4.53 34.03 38.56 OK
r-release-macos-arm64 1.7 20.00 OK
r-release-macos-x86_64 1.7 30.00 OK
r-release-windows-x86_64 1.7 18.00 67.00 85.00 OK
r-oldrel-macos-arm64 1.7 17.00 OK
r-oldrel-macos-x86_64 1.7 30.00 OK
r-oldrel-windows-ix86+x86_64 1.7 19.00 81.00 100.00 OK

Check Details

Version: 1.7
Check: Rd files
Result: NOTE
    checkRd: (-1) predict.lb.Rd:16: Escaped LaTeX specials: \$
Flavors: r-devel-linux-x86_64-debian-clang, r-devel-linux-x86_64-debian-gcc, r-devel-linux-x86_64-fedora-clang, r-devel-linux-x86_64-fedora-gcc, r-devel-windows-x86_64