CRAN Package Check Results for Package LiblineaR.ACF

Last updated on 2019-04-22 18:47:12 CEST.

Flavor Version Tinstall Tcheck Ttotal Status Flags
r-devel-linux-x86_64-debian-clang 1.94-2 5.35 24.48 29.83 OK
r-devel-linux-x86_64-debian-gcc 1.94-2 3.83 20.40 24.23 OK
r-devel-linux-x86_64-fedora-clang 1.94-2 37.42 NOTE
r-devel-linux-x86_64-fedora-gcc 1.94-2 36.56 NOTE
r-devel-windows-ix86+x86_64 1.94-2 20.00 69.00 89.00 OK
r-patched-linux-x86_64 1.94-2 4.50 25.79 30.29 OK
r-patched-solaris-x86 1.94-2 66.30 OK
r-release-linux-x86_64 1.94-2 3.48 25.26 28.74 OK
r-release-windows-ix86+x86_64 1.94-2 13.00 80.00 93.00 OK
r-release-osx-x86_64 1.94-2 OK
r-oldrel-windows-ix86+x86_64 1.94-2 12.00 72.00 84.00 OK
r-oldrel-osx-x86_64 1.94-2 OK

Check Details

Version: 1.94-2
Check: compiled code
Result: NOTE
    File ‘LiblineaR.ACF/libs/LiblineaR.ACF.so’:
     Found no calls to: ‘R_registerRoutines’, ‘R_useDynamicSymbols’
    
    It is good practice to register native routines and to disable symbol
    search.
    
    See ‘Writing portable packages’ in the ‘Writing R Extensions’ manual.
Flavors: r-devel-linux-x86_64-fedora-clang, r-devel-linux-x86_64-fedora-gcc