CRAN Package Check Results for Package LiblineaR.ACF

Last updated on 2019-07-24 09:50:26 CEST.

Flavor Version Tinstall Tcheck Ttotal Status Flags
r-devel-linux-x86_64-debian-clang 1.94-2 6.12 24.59 30.71 OK
r-devel-linux-x86_64-debian-gcc 1.94-2 3.93 21.02 24.95 OK
r-devel-linux-x86_64-fedora-clang 1.94-2 37.24 NOTE
r-devel-linux-x86_64-fedora-gcc 1.94-2 36.21 NOTE
r-devel-windows-ix86+x86_64 1.94-2 14.00 53.00 67.00 OK
r-patched-linux-x86_64 1.94-2 4.38 25.88 30.26 OK
r-patched-solaris-x86 1.94-2 70.10 OK
r-release-linux-x86_64 1.94-2 4.70 25.51 30.21 OK
r-release-windows-ix86+x86_64 1.94-2 15.00 89.00 104.00 OK
r-release-osx-x86_64 1.94-2 OK
r-oldrel-windows-ix86+x86_64 1.94-2 17.00 71.00 88.00 OK
r-oldrel-osx-x86_64 1.94-2 OK

Check Details

Version: 1.94-2
Check: compiled code
Result: NOTE
    File ‘LiblineaR.ACF/libs/LiblineaR.ACF.so’:
     Found no calls to: ‘R_registerRoutines’, ‘R_useDynamicSymbols’
    
    It is good practice to register native routines and to disable symbol
    search.
    
    See ‘Writing portable packages’ in the ‘Writing R Extensions’ manual.
Flavors: r-devel-linux-x86_64-fedora-clang, r-devel-linux-x86_64-fedora-gcc