CRAN Package Check Results for Package LearningStats

Last updated on 2024-06-13 07:50:34 CEST.

Flavor Version Tinstall Tcheck Ttotal Status Flags
r-devel-linux-x86_64-debian-clang 0.1.0 10.94 65.03 75.97 NOTE
r-devel-linux-x86_64-debian-gcc 0.1.0 0.42 1.54 1.96 ERROR
r-devel-linux-x86_64-fedora-clang 0.1.0 103.68 NOTE
r-devel-linux-x86_64-fedora-gcc 0.1.0 90.09 NOTE
r-devel-windows-x86_64 0.1.0 11.00 69.00 80.00 NOTE
r-patched-linux-x86_64 0.1.0 9.07 63.05 72.12 NOTE
r-release-linux-x86_64 0.1.0 8.08 61.13 69.21 NOTE
r-release-macos-arm64 0.1.0 28.00 NOTE
r-release-macos-x86_64 0.1.0 40.00 NOTE
r-release-windows-x86_64 0.1.0 11.00 72.00 83.00 NOTE
r-oldrel-macos-arm64 0.1.0 30.00 OK
r-oldrel-macos-x86_64 0.1.0 50.00 OK
r-oldrel-windows-x86_64 0.1.0 14.00 77.00 91.00 OK

Check Details

Version: 0.1.0
Check: Rd files
Result: NOTE checkRd: (-1) S2mu.Rd:18: Lost braces; missing escapes or markup? 18 | \code{S2mu} computes a estimation of the variance, given a sample {x} with known population mean (denoted by \code{mu}). | ^ checkRd: (-1) sample.quantile.Rd:20: Lost braces; missing escapes or markup? 20 | \code{sample.quantile} computes a estimation of different quantiles, given a sample {x}, using order statistics. | ^ Flavors: r-devel-linux-x86_64-debian-clang, r-devel-linux-x86_64-fedora-clang, r-devel-linux-x86_64-fedora-gcc, r-devel-windows-x86_64, r-patched-linux-x86_64, r-release-linux-x86_64, r-release-macos-arm64, r-release-macos-x86_64, r-release-windows-x86_64

Version: 0.1.0
Check: package dependencies
Result: ERROR Packages required but not available: 'readxl', 'haven', 'readODS' See section ‘The DESCRIPTION file’ in the ‘Writing R Extensions’ manual. Flavor: r-devel-linux-x86_64-debian-gcc